{"id":8082,"date":"2021-10-04T22:15:06","date_gmt":"2021-10-04T22:15:06","guid":{"rendered":"https:\/\/amd-bl.website\/?product=52066-klijesta-za-cijevi"},"modified":"2024-03-15T18:54:19","modified_gmt":"2024-03-15T18:54:19","slug":"52066-klijesta-za-cijevi","status":"publish","type":"product","link":"https:\/\/amd-bl.website\/?product=52066-klijesta-za-cijevi","title":{"rendered":"52066 Klije\u0161ta za blokadu crijeva"},"content":{"rendered":"<pre class=\"ean\"><span class=\"title\">EAN:<\/span>\u00a08435034520668\r\n\r\nNapravljeno od lakih materijala i elektri\u010dno izolirano.\r\nKoristite u veli\u010dinama 1\/2 \u201d, 3\/4\u201d i 5\/8 \u201d.\r\nOdgovara za prekid, benzin i krug zamrziva\u010da\r\nVeli\u010dine:\r\nVELIKA kop\u010da\r\nOtvor: 0 do 70 mm\r\nSREDNJI\r\nOtvor\u00a0kop\u010de\u00a0: 0 do 35 mm\r\nMALI\r\nOtvor\u00a0\u0161tipaljke\u00a0: 0 do 20 mm<\/pre>\n","protected":false},"excerpt":{"rendered":"<p>EAN:\u00a08435034520668 Napravljeno od lakih materijala i elektri\u010dno izolirano. Koristite u veli\u010dinama 1\/2 \u201d, 3\/4\u201d i 5\/8 \u201d. Odgovara za prekid, benzin i krug zamrziva\u010da Veli\u010dine: VELIKA kop\u010da Otvor: 0 do 70 mm SREDNJI Otvor\u00a0kop\u010de\u00a0: 0 do 35 mm MALI Otvor\u00a0\u0161tipaljke\u00a0: 0 do 20 mm<\/p>\n","protected":false},"featured_media":10096,"comment_status":"closed","ping_status":"closed","template":"","meta":{"pagelayer_contact_templates":[],"_pagelayer_content":""},"product_brand":[],"product_cat":[156],"product_tag":[],"class_list":{"0":"post-8082","1":"product","2":"type-product","3":"status-publish","4":"has-post-thumbnail","6":"product_cat-klijesta-i-stege","8":"first","9":"instock","10":"shipping-taxable","11":"purchasable","12":"product-type-simple"},"_links":{"self":[{"href":"https:\/\/amd-bl.website\/index.php?rest_route=\/wp\/v2\/product\/8082","targetHints":{"allow":["GET"]}}],"collection":[{"href":"https:\/\/amd-bl.website\/index.php?rest_route=\/wp\/v2\/product"}],"about":[{"href":"https:\/\/amd-bl.website\/index.php?rest_route=\/wp\/v2\/types\/product"}],"replies":[{"embeddable":true,"href":"https:\/\/amd-bl.website\/index.php?rest_route=%2Fwp%2Fv2%2Fcomments&post=8082"}],"wp:featuredmedia":[{"embeddable":true,"href":"https:\/\/amd-bl.website\/index.php?rest_route=\/wp\/v2\/media\/10096"}],"wp:attachment":[{"href":"https:\/\/amd-bl.website\/index.php?rest_route=%2Fwp%2Fv2%2Fmedia&parent=8082"}],"wp:term":[{"taxonomy":"product_brand","embeddable":true,"href":"https:\/\/amd-bl.website\/index.php?rest_route=%2Fwp%2Fv2%2Fproduct_brand&post=8082"},{"taxonomy":"product_cat","embeddable":true,"href":"https:\/\/amd-bl.website\/index.php?rest_route=%2Fwp%2Fv2%2Fproduct_cat&post=8082"},{"taxonomy":"product_tag","embeddable":true,"href":"https:\/\/amd-bl.website\/index.php?rest_route=%2Fwp%2Fv2%2Fproduct_tag&post=8082"}],"curies":[{"name":"wp","href":"https:\/\/api.w.org\/{rel}","templated":true}]}}