{"id":8081,"date":"2021-10-04T22:15:06","date_gmt":"2021-10-04T22:15:06","guid":{"rendered":"https:\/\/amd-bl.website\/?product=52810-nastavak-udarni-xzn-m16"},"modified":"2026-03-23T16:11:34","modified_gmt":"2026-03-23T16:11:34","slug":"52810-nastavak-udarni-xzn-m16","status":"publish","type":"product","link":"https:\/\/amd-bl.website\/?product=52810-nastavak-udarni-xzn-m16","title":{"rendered":"52810 Nastavak udarni XZN M16"},"content":{"rendered":"<p>Udarni nasadni klju\u010d du\u017eine 75 mm i kvadratnog oblika \u00bd&#8221; za odvrtanje vijka za ispu\u0161tanje ulja udarnim pi\u0161toljem u mjenja\u010dima vozila VAG, Porsche, Ford itd.<\/p>\n<p><b data-path-to-node=\"6,1,0\" data-index-in-node=\"0\"><span dir=\"auto\">Glav\u010dine to\u010dkove i ko\u010dione \u010deljusti:<\/span><\/b><span dir=\"auto\"> Kod odre\u0111enih modela, \u0161arafi koji dr\u017ee le\u017eajne to\u010dke ili nosa\u010de ko\u010dnica koriste upravo ovaj profil.<\/span><\/p>\n","protected":false},"excerpt":{"rendered":"<p>Udarni nasadni klju\u010d du\u017eine 75 mm i kvadratnog oblika \u00bd&#8221; za odvrtanje vijka za ispu\u0161tanje ulja udarnim pi\u0161toljem u mjenja\u010dima vozila VAG, Porsche, Ford itd. Glav\u010dine to\u010dkove i ko\u010dione \u010deljusti: Kod odre\u0111enih modela, \u0161arafi koji dr\u017ee le\u017eajne to\u010dke ili nosa\u010de ko\u010dnica koriste upravo ovaj profil.<\/p>\n","protected":false},"featured_media":10108,"comment_status":"closed","ping_status":"closed","template":"","meta":{"pagelayer_contact_templates":[],"_pagelayer_content":""},"product_brand":[178],"product_cat":[92,181],"product_tag":[],"class_list":{"0":"post-8081","1":"product","2":"type-product","3":"status-publish","4":"has-post-thumbnail","6":"product_brand-jbm-tools","7":"product_cat-nasadni-bitovi-m6-m16","8":"product_cat-nasadni-kljucevi-bitovi","10":"first","11":"instock","12":"shipping-taxable","13":"product-type-simple"},"_links":{"self":[{"href":"https:\/\/amd-bl.website\/index.php?rest_route=\/wp\/v2\/product\/8081","targetHints":{"allow":["GET"]}}],"collection":[{"href":"https:\/\/amd-bl.website\/index.php?rest_route=\/wp\/v2\/product"}],"about":[{"href":"https:\/\/amd-bl.website\/index.php?rest_route=\/wp\/v2\/types\/product"}],"replies":[{"embeddable":true,"href":"https:\/\/amd-bl.website\/index.php?rest_route=%2Fwp%2Fv2%2Fcomments&post=8081"}],"wp:featuredmedia":[{"embeddable":true,"href":"https:\/\/amd-bl.website\/index.php?rest_route=\/wp\/v2\/media\/10108"}],"wp:attachment":[{"href":"https:\/\/amd-bl.website\/index.php?rest_route=%2Fwp%2Fv2%2Fmedia&parent=8081"}],"wp:term":[{"taxonomy":"product_brand","embeddable":true,"href":"https:\/\/amd-bl.website\/index.php?rest_route=%2Fwp%2Fv2%2Fproduct_brand&post=8081"},{"taxonomy":"product_cat","embeddable":true,"href":"https:\/\/amd-bl.website\/index.php?rest_route=%2Fwp%2Fv2%2Fproduct_cat&post=8081"},{"taxonomy":"product_tag","embeddable":true,"href":"https:\/\/amd-bl.website\/index.php?rest_route=%2Fwp%2Fv2%2Fproduct_tag&post=8081"}],"curies":[{"name":"wp","href":"https:\/\/api.w.org\/{rel}","templated":true}]}}