{"id":19456,"date":"2025-07-04T10:06:56","date_gmt":"2025-07-04T10:06:56","guid":{"rendered":"https:\/\/amd-bl.website\/?post_type=product&#038;p=19456"},"modified":"2025-10-02T11:47:20","modified_gmt":"2025-10-02T11:47:20","slug":"79530-industrijska-pilamitra-testera1800w255mm","status":"publish","type":"product","link":"https:\/\/amd-bl.website\/?product=79530-industrijska-pilamitra-testera1800w255mm","title":{"rendered":"79530 Industrijska pila 1800W, 255mm"},"content":{"rendered":"<p>\u2022 Ulazna snaga: 1800 W<br \/>\n\u2022 Nazivni napon: 220-240 V<br \/>\n\u2022 Frekvencija: 50 Hz<br \/>\n\u2022 Brzina bez optere\u0107enja: 5000\/min<br \/>\n\u2022 Veli\u010dina o\u0161trice: 255 mm (10\u2033) x 30 mm, 32T<br \/>\n\u2022 Aluminijska baza<br \/>\n\u2022 Kosi rezovi 0-45\u00b0 lijevo i desno<br \/>\n\u2022 Kosi rezovi 90\u00b0 do 45\u00b0 lijevo<br \/>\n\u2022 Maks. kapacitet rezanja:<br \/>\n90\u00b0 x 0\u00b0 \u2013 140 x 70 mm<br \/>\n45\u00b0 x 0\u00b0 \u2013 95 x 70 mm<br \/>\n90\u00b0 x 45\u00b0 \u2013 140 x 40 mm<br \/>\n45\u00b0 x 45\u00b0 \u2013 95 x 40 mm<br \/>\n\u2022 Vre\u0107a za pra\u0161inu za odr\u017eavanje \u010disto\u0107e radnog prostora<br \/>\n\u2022 Pakovanje: kartonska kutija<\/p>\n","protected":false},"excerpt":{"rendered":"<p>\u2022 Ulazna snaga: 1800 W \u2022 Nazivni napon: 220-240 V \u2022 Frekvencija: 50 Hz \u2022 Brzina bez optere\u0107enja: 5000\/min \u2022 Veli\u010dina o\u0161trice: 255 mm (10\u2033) x 30 mm, 32T \u2022 Aluminijska baza \u2022 Kosi rezovi 0-45\u00b0 lijevo i desno \u2022 Kosi rezovi 90\u00b0 do 45\u00b0 lijevo \u2022 Maks. kapacitet rezanja: 90\u00b0 x 0\u00b0 \u2013 140 [&hellip;]<\/p>\n","protected":false},"featured_media":19457,"comment_status":"open","ping_status":"closed","template":"","meta":{"pagelayer_contact_templates":[],"_pagelayer_content":""},"product_brand":[],"product_cat":[65],"product_tag":[],"class_list":{"0":"post-19456","1":"product","2":"type-product","3":"status-publish","4":"has-post-thumbnail","6":"product_cat-rucni-alati","8":"first","9":"instock","10":"shipping-taxable","11":"purchasable","12":"product-type-simple"},"_links":{"self":[{"href":"https:\/\/amd-bl.website\/index.php?rest_route=\/wp\/v2\/product\/19456","targetHints":{"allow":["GET"]}}],"collection":[{"href":"https:\/\/amd-bl.website\/index.php?rest_route=\/wp\/v2\/product"}],"about":[{"href":"https:\/\/amd-bl.website\/index.php?rest_route=\/wp\/v2\/types\/product"}],"replies":[{"embeddable":true,"href":"https:\/\/amd-bl.website\/index.php?rest_route=%2Fwp%2Fv2%2Fcomments&post=19456"}],"wp:featuredmedia":[{"embeddable":true,"href":"https:\/\/amd-bl.website\/index.php?rest_route=\/wp\/v2\/media\/19457"}],"wp:attachment":[{"href":"https:\/\/amd-bl.website\/index.php?rest_route=%2Fwp%2Fv2%2Fmedia&parent=19456"}],"wp:term":[{"taxonomy":"product_brand","embeddable":true,"href":"https:\/\/amd-bl.website\/index.php?rest_route=%2Fwp%2Fv2%2Fproduct_brand&post=19456"},{"taxonomy":"product_cat","embeddable":true,"href":"https:\/\/amd-bl.website\/index.php?rest_route=%2Fwp%2Fv2%2Fproduct_cat&post=19456"},{"taxonomy":"product_tag","embeddable":true,"href":"https:\/\/amd-bl.website\/index.php?rest_route=%2Fwp%2Fv2%2Fproduct_tag&post=19456"}],"curies":[{"name":"wp","href":"https:\/\/api.w.org\/{rel}","templated":true}]}}