{"id":19317,"date":"2025-07-01T09:06:29","date_gmt":"2025-07-01T09:06:29","guid":{"rendered":"https:\/\/amd-bl.website\/?post_type=product&#038;p=19317"},"modified":"2025-10-02T09:19:44","modified_gmt":"2025-10-02T09:19:44","slug":"44929-drzac-elektrode-270mm-500a","status":"publish","type":"product","link":"https:\/\/amd-bl.website\/?product=44929-drzac-elektrode-270mm-500a","title":{"rendered":"44929 Dr\u017ea\u010d elektrode 270mm\/500A"},"content":{"rendered":"<p>DR\u017dA\u010c ELEKTRODE<br \/>\nCE odobrenje<br \/>\nMaterijal: Gornji dio \u017eeljezo, Donji dio mesing<br \/>\nNajlonska dr\u0161ka<br \/>\nUklju\u010duje 2 kom. \u0161esterokutnih klju\u010deva<br \/>\nProlaz elektroda: 3\/32\u2033-5\/16\u2033 (2,5 mm-8 mm)<br \/>\nPakovanje: kutija u boji<\/p>\n","protected":false},"excerpt":{"rendered":"<p>DR\u017dA\u010c ELEKTRODE CE odobrenje Materijal: Gornji dio \u017eeljezo, Donji dio mesing Najlonska dr\u0161ka Uklju\u010duje 2 kom. \u0161esterokutnih klju\u010deva Prolaz elektroda: 3\/32\u2033-5\/16\u2033 (2,5 mm-8 mm) Pakovanje: kutija u boji<\/p>\n","protected":false},"featured_media":19318,"comment_status":"open","ping_status":"closed","template":"","meta":{"pagelayer_contact_templates":[],"_pagelayer_content":""},"product_brand":[],"product_cat":[162],"product_tag":[],"class_list":{"0":"post-19317","1":"product","2":"type-product","3":"status-publish","4":"has-post-thumbnail","6":"product_cat-alat-za-zavarivanje","8":"first","9":"instock","10":"shipping-taxable","11":"purchasable","12":"product-type-simple"},"_links":{"self":[{"href":"https:\/\/amd-bl.website\/index.php?rest_route=\/wp\/v2\/product\/19317","targetHints":{"allow":["GET"]}}],"collection":[{"href":"https:\/\/amd-bl.website\/index.php?rest_route=\/wp\/v2\/product"}],"about":[{"href":"https:\/\/amd-bl.website\/index.php?rest_route=\/wp\/v2\/types\/product"}],"replies":[{"embeddable":true,"href":"https:\/\/amd-bl.website\/index.php?rest_route=%2Fwp%2Fv2%2Fcomments&post=19317"}],"wp:featuredmedia":[{"embeddable":true,"href":"https:\/\/amd-bl.website\/index.php?rest_route=\/wp\/v2\/media\/19318"}],"wp:attachment":[{"href":"https:\/\/amd-bl.website\/index.php?rest_route=%2Fwp%2Fv2%2Fmedia&parent=19317"}],"wp:term":[{"taxonomy":"product_brand","embeddable":true,"href":"https:\/\/amd-bl.website\/index.php?rest_route=%2Fwp%2Fv2%2Fproduct_brand&post=19317"},{"taxonomy":"product_cat","embeddable":true,"href":"https:\/\/amd-bl.website\/index.php?rest_route=%2Fwp%2Fv2%2Fproduct_cat&post=19317"},{"taxonomy":"product_tag","embeddable":true,"href":"https:\/\/amd-bl.website\/index.php?rest_route=%2Fwp%2Fv2%2Fproduct_tag&post=19317"}],"curies":[{"name":"wp","href":"https:\/\/api.w.org\/{rel}","templated":true}]}}