{"id":19007,"date":"2025-01-05T17:03:26","date_gmt":"2025-01-05T17:03:26","guid":{"rendered":"https:\/\/amd-bl.website\/?post_type=product&#038;p=19007"},"modified":"2025-01-05T17:03:26","modified_gmt":"2025-01-05T17:03:26","slug":"77867-ugaoni-adapter-90-1-4","status":"publish","type":"product","link":"https:\/\/amd-bl.website\/?product=77867-ugaoni-adapter-90-1-4","title":{"rendered":"77867 Ugaoni adapter 90\u00b0 (1\/4&#8221;)"},"content":{"rendered":"<p>\u2022 90\u00b0<br \/>\n\u2022 1\/4\u2033 \u0161esterokutni dr\u0161ka s brzim otpu\u0161tanjem<br \/>\n\u2022 Veli\u010dina: 6\u2033 \/ 155 mm<br \/>\n\u2022 Maks. brzina: 400 o\/min<br \/>\n\u2022 Maks. moment: 15N.m<br \/>\n\u2022 Pakovanje: dupli blister<\/p>\n<p>31380<\/p>\n","protected":false},"excerpt":{"rendered":"<p>\u2022 90\u00b0 \u2022 1\/4\u2033 \u0161esterokutni dr\u0161ka s brzim otpu\u0161tanjem \u2022 Veli\u010dina: 6\u2033 \/ 155 mm \u2022 Maks. brzina: 400 o\/min \u2022 Maks. moment: 15N.m \u2022 Pakovanje: dupli blister 31380<\/p>\n","protected":false},"featured_media":19008,"comment_status":"open","ping_status":"closed","template":"","meta":{"pagelayer_contact_templates":[],"_pagelayer_content":""},"product_brand":[],"product_cat":[154],"product_tag":[],"class_list":{"0":"post-19007","1":"product","2":"type-product","3":"status-publish","4":"has-post-thumbnail","6":"product_cat-izvijaci-2","8":"first","9":"instock","10":"shipping-taxable","11":"product-type-simple"},"_links":{"self":[{"href":"https:\/\/amd-bl.website\/index.php?rest_route=\/wp\/v2\/product\/19007","targetHints":{"allow":["GET"]}}],"collection":[{"href":"https:\/\/amd-bl.website\/index.php?rest_route=\/wp\/v2\/product"}],"about":[{"href":"https:\/\/amd-bl.website\/index.php?rest_route=\/wp\/v2\/types\/product"}],"replies":[{"embeddable":true,"href":"https:\/\/amd-bl.website\/index.php?rest_route=%2Fwp%2Fv2%2Fcomments&post=19007"}],"wp:featuredmedia":[{"embeddable":true,"href":"https:\/\/amd-bl.website\/index.php?rest_route=\/wp\/v2\/media\/19008"}],"wp:attachment":[{"href":"https:\/\/amd-bl.website\/index.php?rest_route=%2Fwp%2Fv2%2Fmedia&parent=19007"}],"wp:term":[{"taxonomy":"product_brand","embeddable":true,"href":"https:\/\/amd-bl.website\/index.php?rest_route=%2Fwp%2Fv2%2Fproduct_brand&post=19007"},{"taxonomy":"product_cat","embeddable":true,"href":"https:\/\/amd-bl.website\/index.php?rest_route=%2Fwp%2Fv2%2Fproduct_cat&post=19007"},{"taxonomy":"product_tag","embeddable":true,"href":"https:\/\/amd-bl.website\/index.php?rest_route=%2Fwp%2Fv2%2Fproduct_tag&post=19007"}],"curies":[{"name":"wp","href":"https:\/\/api.w.org\/{rel}","templated":true}]}}