{"id":18977,"date":"2025-01-05T11:28:56","date_gmt":"2025-01-05T11:28:56","guid":{"rendered":"https:\/\/amd-bl.website\/?post_type=product&#038;p=18977"},"modified":"2025-08-21T09:24:58","modified_gmt":"2025-08-21T09:24:58","slug":"33505-set-za-izvlacenje-vijaka","status":"publish","type":"product","link":"https:\/\/amd-bl.website\/?product=33505-set-za-izvlacenje-vijaka","title":{"rendered":"33505 SET za izvla\u010denje vijaka"},"content":{"rendered":"<p>LOK:B1<br \/>\n6933528733096<\/p>\n<p>\u2022 Visokokvalitetni legirani \u010delik<br \/>\n\u2022 Crno obra\u0111eno<br \/>\n\u2022 Pakovanje: blister kartica<br \/>\nSet izvrta\u010da omogu\u0107ava efikasno izvrtanje o\u0161te\u0107enih, slomljenih vijaka.<\/p>\n","protected":false},"excerpt":{"rendered":"<p>LOK:B1 6933528733096 \u2022 Visokokvalitetni legirani \u010delik \u2022 Crno obra\u0111eno \u2022 Pakovanje: blister kartica Set izvrta\u010da omogu\u0107ava efikasno izvrtanje o\u0161te\u0107enih, slomljenih vijaka.<\/p>\n","protected":false},"featured_media":18978,"comment_status":"open","ping_status":"closed","template":"","meta":{"pagelayer_contact_templates":[],"_pagelayer_content":""},"product_brand":[],"product_cat":[163],"product_tag":[],"class_list":{"0":"post-18977","1":"product","2":"type-product","3":"status-publish","4":"has-post-thumbnail","6":"product_cat-vodoinstalaterski-alat","8":"first","9":"instock","10":"shipping-taxable","11":"purchasable","12":"product-type-simple"},"_links":{"self":[{"href":"https:\/\/amd-bl.website\/index.php?rest_route=\/wp\/v2\/product\/18977","targetHints":{"allow":["GET"]}}],"collection":[{"href":"https:\/\/amd-bl.website\/index.php?rest_route=\/wp\/v2\/product"}],"about":[{"href":"https:\/\/amd-bl.website\/index.php?rest_route=\/wp\/v2\/types\/product"}],"replies":[{"embeddable":true,"href":"https:\/\/amd-bl.website\/index.php?rest_route=%2Fwp%2Fv2%2Fcomments&post=18977"}],"wp:featuredmedia":[{"embeddable":true,"href":"https:\/\/amd-bl.website\/index.php?rest_route=\/wp\/v2\/media\/18978"}],"wp:attachment":[{"href":"https:\/\/amd-bl.website\/index.php?rest_route=%2Fwp%2Fv2%2Fmedia&parent=18977"}],"wp:term":[{"taxonomy":"product_brand","embeddable":true,"href":"https:\/\/amd-bl.website\/index.php?rest_route=%2Fwp%2Fv2%2Fproduct_brand&post=18977"},{"taxonomy":"product_cat","embeddable":true,"href":"https:\/\/amd-bl.website\/index.php?rest_route=%2Fwp%2Fv2%2Fproduct_cat&post=18977"},{"taxonomy":"product_tag","embeddable":true,"href":"https:\/\/amd-bl.website\/index.php?rest_route=%2Fwp%2Fv2%2Fproduct_tag&post=18977"}],"curies":[{"name":"wp","href":"https:\/\/api.w.org\/{rel}","templated":true}]}}