{"id":17907,"date":"2024-04-06T12:18:11","date_gmt":"2024-04-06T12:18:11","guid":{"rendered":"https:\/\/amd-bl.website\/?post_type=product&#038;p=17907"},"modified":"2025-01-05T15:27:00","modified_gmt":"2025-01-05T15:27:00","slug":"79685-set-alata-95kom","status":"publish","type":"product","link":"https:\/\/amd-bl.website\/?product=79685-set-alata-95kom","title":{"rendered":"79685 Set alata 95kom"},"content":{"rendered":"<p>EAN:6933528787877<\/p>\n<p>1kom 710W \u010deki\u0107 bu\u0161ilica: 230V, 50Hz, 13mm stezna glava;<br \/>\n1kom bo\u010dna ru\u010dka;<br \/>\n1 kom mjera\u010d dubine (plastika);<br \/>\n1kom kombinovana klije\u0161ta:160mm\/6\u2033;<br \/>\n1kom \u010deki\u0107: 8oz, kovan;<br \/>\n1kom mini libela, 22,5cm, aluminijum, sa magnetom;<br \/>\nNo\u017e sa o\u0161tricom od 1 komada, sa 3 o\u0161trice;<br \/>\n1 kom podesivi klju\u010d: 200mm\/8\u2033;<br \/>\n5 kom burgije za zidanje: 4,5,6,8,10mm;<br \/>\n4 kom burgije za drvo: 4, 5, 6, 8 mm;<br \/>\n5 kom HSS burgije: 3, 4, 5, 6, 8 mm;<br \/>\n1 kom dr\u017ea\u010d bitova za odvija\u010d: 1\/4\u2033x60mm;<br \/>\n2kom odvija\u010da: SL5.5x100mm, PH1x100mm;<br \/>\n1kom odvija\u010d s maticom: 1\/4\u2033x100mm;<br \/>\n20 kom CrV nastavci za odvijanje:<br \/>\n1\/4\u2033x25mm<br \/>\nT10, T15, T20, T25, T27, T30,H3, H4, H5, H6,PH1, PH2, PH3, PZ1, PZ2, PZ3,SL4, SL5, SL6,<br \/>\n1\/ 4\u2033 bit adapter<br \/>\n6kom 1\/4\u2033 set uti\u010dnica: 5, 6, 7, 8, 9, 10 mm;<br \/>\n1kom tester napona: 3x140mm;<br \/>\n1 kom mjerna traka: 3M\/10x16mm;<br \/>\n40kom set<br \/>\nplasti\u010dnih vijaka:<br \/>\n4kom 8x37mm, 6kom 6x30mm, 10kom 5x25mm<br \/>\nvijaka za drvo:<br \/>\n4kom 5x40mm, 6kom 4x30mm, 10kom 3x25mm<\/p>\n","protected":false},"excerpt":{"rendered":"<p>EAN:6933528787877 1kom 710W \u010deki\u0107 bu\u0161ilica: 230V, 50Hz, 13mm stezna glava; 1kom bo\u010dna ru\u010dka; 1 kom mjera\u010d dubine (plastika); 1kom kombinovana klije\u0161ta:160mm\/6\u2033; 1kom \u010deki\u0107: 8oz, kovan; 1kom mini libela, 22,5cm, aluminijum, sa magnetom; No\u017e sa o\u0161tricom od 1 komada, sa 3 o\u0161trice; 1 kom podesivi klju\u010d: 200mm\/8\u2033; 5 kom burgije za zidanje: 4,5,6,8,10mm; 4 kom burgije [&hellip;]<\/p>\n","protected":false},"featured_media":19005,"comment_status":"open","ping_status":"closed","template":"","meta":{"pagelayer_contact_templates":[],"_pagelayer_content":""},"product_brand":[],"product_cat":[159],"product_tag":[],"class_list":{"0":"post-17907","1":"product","2":"type-product","3":"status-publish","4":"has-post-thumbnail","6":"product_cat-mehanicarski-alati","8":"first","9":"instock","10":"shipping-taxable","11":"purchasable","12":"product-type-simple"},"_links":{"self":[{"href":"https:\/\/amd-bl.website\/index.php?rest_route=\/wp\/v2\/product\/17907","targetHints":{"allow":["GET"]}}],"collection":[{"href":"https:\/\/amd-bl.website\/index.php?rest_route=\/wp\/v2\/product"}],"about":[{"href":"https:\/\/amd-bl.website\/index.php?rest_route=\/wp\/v2\/types\/product"}],"replies":[{"embeddable":true,"href":"https:\/\/amd-bl.website\/index.php?rest_route=%2Fwp%2Fv2%2Fcomments&post=17907"}],"wp:featuredmedia":[{"embeddable":true,"href":"https:\/\/amd-bl.website\/index.php?rest_route=\/wp\/v2\/media\/19005"}],"wp:attachment":[{"href":"https:\/\/amd-bl.website\/index.php?rest_route=%2Fwp%2Fv2%2Fmedia&parent=17907"}],"wp:term":[{"taxonomy":"product_brand","embeddable":true,"href":"https:\/\/amd-bl.website\/index.php?rest_route=%2Fwp%2Fv2%2Fproduct_brand&post=17907"},{"taxonomy":"product_cat","embeddable":true,"href":"https:\/\/amd-bl.website\/index.php?rest_route=%2Fwp%2Fv2%2Fproduct_cat&post=17907"},{"taxonomy":"product_tag","embeddable":true,"href":"https:\/\/amd-bl.website\/index.php?rest_route=%2Fwp%2Fv2%2Fproduct_tag&post=17907"}],"curies":[{"name":"wp","href":"https:\/\/api.w.org\/{rel}","templated":true}]}}