{"id":17903,"date":"2024-04-06T11:53:48","date_gmt":"2024-04-06T11:53:48","guid":{"rendered":"https:\/\/amd-bl.website\/?post_type=product&#038;p=17903"},"modified":"2025-08-21T10:38:31","modified_gmt":"2025-08-21T10:38:31","slug":"80120-torbica-za-alat","status":"publish","type":"product","link":"https:\/\/amd-bl.website\/?product=80120-torbica-za-alat","title":{"rendered":"80120 Torbica za alat"},"content":{"rendered":"<p>LOK:C1<br \/>\nEAN:6933528780144<\/p>\n<p>\u2022 Sa 11 d\u017eepova<br \/>\n\u2022 1 kom om\u010da za \u010deki\u0107<br \/>\n\u2022 1 kom kop\u010da za mjernu traku<br \/>\n\u2022 Podesiva traka<br \/>\n\u2022 Pakovanje: papirna vje\u0161alica sa poli vre\u0107icom<\/p>\n","protected":false},"excerpt":{"rendered":"<p>LOK:C1 EAN:6933528780144 \u2022 Sa 11 d\u017eepova \u2022 1 kom om\u010da za \u010deki\u0107 \u2022 1 kom kop\u010da za mjernu traku \u2022 Podesiva traka \u2022 Pakovanje: papirna vje\u0161alica sa poli vre\u0107icom<\/p>\n","protected":false},"featured_media":17904,"comment_status":"open","ping_status":"closed","template":"","meta":{"pagelayer_contact_templates":[],"_pagelayer_content":""},"product_brand":[],"product_cat":[164],"product_tag":[],"class_list":{"0":"post-17903","1":"product","2":"type-product","3":"status-publish","4":"has-post-thumbnail","6":"product_cat-oprema-za-alate","8":"first","9":"instock","10":"shipping-taxable","11":"purchasable","12":"product-type-simple"},"_links":{"self":[{"href":"https:\/\/amd-bl.website\/index.php?rest_route=\/wp\/v2\/product\/17903","targetHints":{"allow":["GET"]}}],"collection":[{"href":"https:\/\/amd-bl.website\/index.php?rest_route=\/wp\/v2\/product"}],"about":[{"href":"https:\/\/amd-bl.website\/index.php?rest_route=\/wp\/v2\/types\/product"}],"replies":[{"embeddable":true,"href":"https:\/\/amd-bl.website\/index.php?rest_route=%2Fwp%2Fv2%2Fcomments&post=17903"}],"wp:featuredmedia":[{"embeddable":true,"href":"https:\/\/amd-bl.website\/index.php?rest_route=\/wp\/v2\/media\/17904"}],"wp:attachment":[{"href":"https:\/\/amd-bl.website\/index.php?rest_route=%2Fwp%2Fv2%2Fmedia&parent=17903"}],"wp:term":[{"taxonomy":"product_brand","embeddable":true,"href":"https:\/\/amd-bl.website\/index.php?rest_route=%2Fwp%2Fv2%2Fproduct_brand&post=17903"},{"taxonomy":"product_cat","embeddable":true,"href":"https:\/\/amd-bl.website\/index.php?rest_route=%2Fwp%2Fv2%2Fproduct_cat&post=17903"},{"taxonomy":"product_tag","embeddable":true,"href":"https:\/\/amd-bl.website\/index.php?rest_route=%2Fwp%2Fv2%2Fproduct_tag&post=17903"}],"curies":[{"name":"wp","href":"https:\/\/api.w.org\/{rel}","templated":true}]}}