{"id":17895,"date":"2024-04-06T11:38:22","date_gmt":"2024-04-06T11:38:22","guid":{"rendered":"https:\/\/amd-bl.website\/?post_type=product&#038;p=17895"},"modified":"2025-08-21T08:58:14","modified_gmt":"2025-08-21T08:58:14","slug":"38013-set-sarafcigera","status":"publish","type":"product","link":"https:\/\/amd-bl.website\/?product=38013-set-sarafcigera","title":{"rendered":"38013 Set \u0161arafcigera"},"content":{"rendered":"<p>Set odvija\u010da , izvija\u010da<\/p>\n<p>LOK:A5<br \/>\nEAN:6933528738107<\/p>\n<p>\u2022 CrV<br \/>\n\u2022 1000V, VDE certifikat<br \/>\n\u2022 Pakovanje: kutija u boji<\/p>\n","protected":false},"excerpt":{"rendered":"<p>Set odvija\u010da , izvija\u010da LOK:A5 EAN:6933528738107 \u2022 CrV \u2022 1000V, VDE certifikat \u2022 Pakovanje: kutija u boji<\/p>\n","protected":false},"featured_media":18956,"comment_status":"open","ping_status":"closed","template":"","meta":{"pagelayer_contact_templates":[],"_pagelayer_content":""},"product_brand":[],"product_cat":[169],"product_tag":[],"class_list":{"0":"post-17895","1":"product","2":"type-product","3":"status-publish","4":"has-post-thumbnail","6":"product_cat-alat-za-elektricare","8":"first","9":"instock","10":"shipping-taxable","11":"purchasable","12":"product-type-simple"},"_links":{"self":[{"href":"https:\/\/amd-bl.website\/index.php?rest_route=\/wp\/v2\/product\/17895","targetHints":{"allow":["GET"]}}],"collection":[{"href":"https:\/\/amd-bl.website\/index.php?rest_route=\/wp\/v2\/product"}],"about":[{"href":"https:\/\/amd-bl.website\/index.php?rest_route=\/wp\/v2\/types\/product"}],"replies":[{"embeddable":true,"href":"https:\/\/amd-bl.website\/index.php?rest_route=%2Fwp%2Fv2%2Fcomments&post=17895"}],"wp:featuredmedia":[{"embeddable":true,"href":"https:\/\/amd-bl.website\/index.php?rest_route=\/wp\/v2\/media\/18956"}],"wp:attachment":[{"href":"https:\/\/amd-bl.website\/index.php?rest_route=%2Fwp%2Fv2%2Fmedia&parent=17895"}],"wp:term":[{"taxonomy":"product_brand","embeddable":true,"href":"https:\/\/amd-bl.website\/index.php?rest_route=%2Fwp%2Fv2%2Fproduct_brand&post=17895"},{"taxonomy":"product_cat","embeddable":true,"href":"https:\/\/amd-bl.website\/index.php?rest_route=%2Fwp%2Fv2%2Fproduct_cat&post=17895"},{"taxonomy":"product_tag","embeddable":true,"href":"https:\/\/amd-bl.website\/index.php?rest_route=%2Fwp%2Fv2%2Fproduct_tag&post=17895"}],"curies":[{"name":"wp","href":"https:\/\/api.w.org\/{rel}","templated":true}]}}