{"id":17725,"date":"2024-03-29T23:44:05","date_gmt":"2024-03-29T23:44:05","guid":{"rendered":"https:\/\/amd-bl.website\/?post_type=product&#038;p=17725"},"modified":"2024-03-29T23:44:05","modified_gmt":"2024-03-29T23:44:05","slug":"20377-set-bitova-32kom","status":"publish","type":"product","link":"https:\/\/amd-bl.website\/?product=20377-set-bitova-32kom","title":{"rendered":"20377 Set bitova 32kom"},"content":{"rendered":"<p><span>EAN:6933528721994<\/span><\/p>\n<p><span>\u2022 Materijal: 6150 Cr-V<\/span><br \/>\n<span>\u2022 Kromirana povr\u0161ina<\/span><br \/>\n<span>\u2022 1\/4\u2033x100mm<\/span><br \/>\n<span>\u2022 SL3x0.6, SL4x0.8, SL5x1.0, SL6x1.0<\/span><br \/>\n<span>\u2022 PH1, PH2, PH3<\/span><br \/>\n<span>\u2022 PZ1, PZ2, PZ3<\/span><br \/>\n<span>\u2022 T10, T15, T20, T25, T27, T30, T40<\/span><br \/>\n<span>\u2022 TB10, TB15, TB20, TB25, TB27, TB30, TB40<\/span><br \/>\n<span>\u2022 H3, H4, H5, H6<\/span><br \/>\n<span>\u2022 S1, S2<\/span><br \/>\n<span>\u2022 1\/4\u2033x65mm Quick-Release dr\u017ea\u010d sa jakim magnetom<\/span><br \/>\n<span>\u2022 1 \/4\u2033x25mm adapter za bitove<\/span><br \/>\n<span>\u2022 Izdr\u017eljivo ku\u0107i\u0161te sa lako dostupnim skladi\u0161tenjem bitova<\/span><br \/>\n<span>\u2022 Jedinstveni dizajn bitova, razli\u010dite boje pokazuju razli\u010dite<\/span><br \/>\n<span>modele bitova, lako se prepoznaju.<\/span><br \/>\n<span>\u2022 Pakovanje: dupli blister<\/span><\/p>\n","protected":false},"excerpt":{"rendered":"<p>EAN:6933528721994 \u2022 Materijal: 6150 Cr-V \u2022 Kromirana povr\u0161ina \u2022 1\/4\u2033x100mm \u2022 SL3x0.6, SL4x0.8, SL5x1.0, SL6x1.0 \u2022 PH1, PH2, PH3 \u2022 PZ1, PZ2, PZ3 \u2022 T10, T15, T20, T25, T27, T30, T40 \u2022 TB10, TB15, TB20, TB25, TB27, TB30, TB40 \u2022 H3, H4, H5, H6 \u2022 S1, S2 \u2022 1\/4\u2033x65mm Quick-Release dr\u017ea\u010d sa jakim magnetom \u2022 [&hellip;]<\/p>\n","protected":false},"featured_media":17726,"comment_status":"open","ping_status":"closed","template":"","meta":{"pagelayer_contact_templates":[],"_pagelayer_content":""},"product_brand":[],"product_cat":[154],"product_tag":[],"class_list":{"0":"post-17725","1":"product","2":"type-product","3":"status-publish","4":"has-post-thumbnail","6":"product_cat-izvijaci-2","8":"first","9":"instock","10":"shipping-taxable","11":"product-type-simple"},"_links":{"self":[{"href":"https:\/\/amd-bl.website\/index.php?rest_route=\/wp\/v2\/product\/17725","targetHints":{"allow":["GET"]}}],"collection":[{"href":"https:\/\/amd-bl.website\/index.php?rest_route=\/wp\/v2\/product"}],"about":[{"href":"https:\/\/amd-bl.website\/index.php?rest_route=\/wp\/v2\/types\/product"}],"replies":[{"embeddable":true,"href":"https:\/\/amd-bl.website\/index.php?rest_route=%2Fwp%2Fv2%2Fcomments&post=17725"}],"wp:featuredmedia":[{"embeddable":true,"href":"https:\/\/amd-bl.website\/index.php?rest_route=\/wp\/v2\/media\/17726"}],"wp:attachment":[{"href":"https:\/\/amd-bl.website\/index.php?rest_route=%2Fwp%2Fv2%2Fmedia&parent=17725"}],"wp:term":[{"taxonomy":"product_brand","embeddable":true,"href":"https:\/\/amd-bl.website\/index.php?rest_route=%2Fwp%2Fv2%2Fproduct_brand&post=17725"},{"taxonomy":"product_cat","embeddable":true,"href":"https:\/\/amd-bl.website\/index.php?rest_route=%2Fwp%2Fv2%2Fproduct_cat&post=17725"},{"taxonomy":"product_tag","embeddable":true,"href":"https:\/\/amd-bl.website\/index.php?rest_route=%2Fwp%2Fv2%2Fproduct_tag&post=17725"}],"curies":[{"name":"wp","href":"https:\/\/api.w.org\/{rel}","templated":true}]}}