{"id":17689,"date":"2024-03-29T22:19:38","date_gmt":"2024-03-29T22:19:38","guid":{"rendered":"https:\/\/amd-bl.website\/?post_type=product&#038;p=17689"},"modified":"2025-08-21T07:38:40","modified_gmt":"2025-08-21T07:38:40","slug":"30049-makaze-220mm-8-3-4","status":"publish","type":"product","link":"https:\/\/amd-bl.website\/?product=30049-makaze-220mm-8-3-4","title":{"rendered":"30049 Makaze 220mm 8-3\/4&#8221;"},"content":{"rendered":"<p>\u0160kare 220mm 8-3\/4&#8221;<br \/>\nLOK:A2<br \/>\nEAN:6933528730408<\/p>\n<p>\u2022 Vi\u0161enamjenski: makaze, mali no\u017e, drobilica oraha, reza\u010d kablova, reza\u010d \u017eice, odstranjiva\u010d riblje ljuske. otvara\u010d za fla\u0161e, otvara\u010d za staklenke, lju\u0161ta\u010d, \u0161rafciger<br \/>\n\u2022 O\u0161trica od ner\u0111aju\u0107eg \u010delika<br \/>\n\u2022 Ergonomska velika neklizaju\u0107a ru\u010dka<br \/>\n\u2022 Pakovanje: dupli blister<\/p>\n","protected":false},"excerpt":{"rendered":"<p>\u0160kare 220mm 8-3\/4&#8221; LOK:A2 EAN:6933528730408 \u2022 Vi\u0161enamjenski: makaze, mali no\u017e, drobilica oraha, reza\u010d kablova, reza\u010d \u017eice, odstranjiva\u010d riblje ljuske. otvara\u010d za fla\u0161e, otvara\u010d za staklenke, lju\u0161ta\u010d, \u0161rafciger \u2022 O\u0161trica od ner\u0111aju\u0107eg \u010delika \u2022 Ergonomska velika neklizaju\u0107a ru\u010dka \u2022 Pakovanje: dupli blister<\/p>\n","protected":false},"featured_media":17690,"comment_status":"open","ping_status":"closed","template":"","meta":{"pagelayer_contact_templates":[],"_pagelayer_content":""},"product_brand":[],"product_cat":[161],"product_tag":[],"class_list":{"0":"post-17689","1":"product","2":"type-product","3":"status-publish","4":"has-post-thumbnail","6":"product_cat-rezni-alati","8":"first","9":"instock","10":"shipping-taxable","11":"purchasable","12":"product-type-simple"},"_links":{"self":[{"href":"https:\/\/amd-bl.website\/index.php?rest_route=\/wp\/v2\/product\/17689","targetHints":{"allow":["GET"]}}],"collection":[{"href":"https:\/\/amd-bl.website\/index.php?rest_route=\/wp\/v2\/product"}],"about":[{"href":"https:\/\/amd-bl.website\/index.php?rest_route=\/wp\/v2\/types\/product"}],"replies":[{"embeddable":true,"href":"https:\/\/amd-bl.website\/index.php?rest_route=%2Fwp%2Fv2%2Fcomments&post=17689"}],"wp:featuredmedia":[{"embeddable":true,"href":"https:\/\/amd-bl.website\/index.php?rest_route=\/wp\/v2\/media\/17690"}],"wp:attachment":[{"href":"https:\/\/amd-bl.website\/index.php?rest_route=%2Fwp%2Fv2%2Fmedia&parent=17689"}],"wp:term":[{"taxonomy":"product_brand","embeddable":true,"href":"https:\/\/amd-bl.website\/index.php?rest_route=%2Fwp%2Fv2%2Fproduct_brand&post=17689"},{"taxonomy":"product_cat","embeddable":true,"href":"https:\/\/amd-bl.website\/index.php?rest_route=%2Fwp%2Fv2%2Fproduct_cat&post=17689"},{"taxonomy":"product_tag","embeddable":true,"href":"https:\/\/amd-bl.website\/index.php?rest_route=%2Fwp%2Fv2%2Fproduct_tag&post=17689"}],"curies":[{"name":"wp","href":"https:\/\/api.w.org\/{rel}","templated":true}]}}