{"id":17670,"date":"2024-03-28T20:57:52","date_gmt":"2024-03-28T20:57:52","guid":{"rendered":"https:\/\/amd-bl.website\/?post_type=product&#038;p=17670"},"modified":"2025-08-21T10:41:31","modified_gmt":"2025-08-21T10:41:31","slug":"30005-skalpel-9x80mm","status":"publish","type":"product","link":"https:\/\/amd-bl.website\/?product=30005-skalpel-9x80mm","title":{"rendered":"30005 Skalpel 9x80mm"},"content":{"rendered":"<p>LOK:C2<br \/>\nEAN:6933528730057<\/p>\n<p><span>\u2022 Ku\u0107i\u0161te od ner\u0111aju\u0107eg \u010delika<\/span><br \/>\n<span>\u2022 Sa ravnim dugmetom<\/span><br \/>\n<span>\u2022 Pakovanje: kutija za prikaz<\/span><\/p>\n","protected":false},"excerpt":{"rendered":"<p>LOK:C2 EAN:6933528730057 \u2022 Ku\u0107i\u0161te od ner\u0111aju\u0107eg \u010delika \u2022 Sa ravnim dugmetom \u2022 Pakovanje: kutija za prikaz<\/p>\n","protected":false},"featured_media":17671,"comment_status":"open","ping_status":"closed","template":"","meta":{"pagelayer_contact_templates":[],"_pagelayer_content":""},"product_brand":[],"product_cat":[161],"product_tag":[],"class_list":{"0":"post-17670","1":"product","2":"type-product","3":"status-publish","4":"has-post-thumbnail","6":"product_cat-rezni-alati","8":"first","9":"instock","10":"shipping-taxable","11":"purchasable","12":"product-type-simple"},"_links":{"self":[{"href":"https:\/\/amd-bl.website\/index.php?rest_route=\/wp\/v2\/product\/17670","targetHints":{"allow":["GET"]}}],"collection":[{"href":"https:\/\/amd-bl.website\/index.php?rest_route=\/wp\/v2\/product"}],"about":[{"href":"https:\/\/amd-bl.website\/index.php?rest_route=\/wp\/v2\/types\/product"}],"replies":[{"embeddable":true,"href":"https:\/\/amd-bl.website\/index.php?rest_route=%2Fwp%2Fv2%2Fcomments&post=17670"}],"wp:featuredmedia":[{"embeddable":true,"href":"https:\/\/amd-bl.website\/index.php?rest_route=\/wp\/v2\/media\/17671"}],"wp:attachment":[{"href":"https:\/\/amd-bl.website\/index.php?rest_route=%2Fwp%2Fv2%2Fmedia&parent=17670"}],"wp:term":[{"taxonomy":"product_brand","embeddable":true,"href":"https:\/\/amd-bl.website\/index.php?rest_route=%2Fwp%2Fv2%2Fproduct_brand&post=17670"},{"taxonomy":"product_cat","embeddable":true,"href":"https:\/\/amd-bl.website\/index.php?rest_route=%2Fwp%2Fv2%2Fproduct_cat&post=17670"},{"taxonomy":"product_tag","embeddable":true,"href":"https:\/\/amd-bl.website\/index.php?rest_route=%2Fwp%2Fv2%2Fproduct_tag&post=17670"}],"curies":[{"name":"wp","href":"https:\/\/api.w.org\/{rel}","templated":true}]}}