{"id":17463,"date":"2024-03-23T17:10:47","date_gmt":"2024-03-23T17:10:47","guid":{"rendered":"https:\/\/amd-bl.website\/?post_type=product&#038;p=17463"},"modified":"2025-01-04T16:28:51","modified_gmt":"2025-01-04T16:28:51","slug":"25111-poluga-750x18mm","status":"publish","type":"product","link":"https:\/\/amd-bl.website\/?product=25111-poluga-750x18mm","title":{"rendered":"25111 Poluga 750x18mm"},"content":{"rendered":"<p>Pajser<\/p>\n<p>EAN:6933528725398<\/p>\n<p>\u2022 Kovani ugljeni\u010dni \u010delik sa termi\u010dkom obradom<br \/>\n\u2022 HRC52-56<br \/>\n\u2022 Premaz boje<br \/>\n\u2022 Pakovanje: etiketa u boji<\/p>\n","protected":false},"excerpt":{"rendered":"<p>Pajser EAN:6933528725398 \u2022 Kovani ugljeni\u010dni \u010delik sa termi\u010dkom obradom \u2022 HRC52-56 \u2022 Premaz boje \u2022 Pakovanje: etiketa u boji<\/p>\n","protected":false},"featured_media":18943,"comment_status":"closed","ping_status":"closed","template":"","meta":{"pagelayer_contact_templates":[],"_pagelayer_content":""},"product_brand":[],"product_cat":[158],"product_tag":[],"class_list":{"0":"post-17463","1":"product","2":"type-product","3":"status-publish","4":"has-post-thumbnail","6":"product_cat-cekici","8":"first","9":"instock","10":"shipping-taxable","11":"purchasable","12":"product-type-simple"},"_links":{"self":[{"href":"https:\/\/amd-bl.website\/index.php?rest_route=\/wp\/v2\/product\/17463","targetHints":{"allow":["GET"]}}],"collection":[{"href":"https:\/\/amd-bl.website\/index.php?rest_route=\/wp\/v2\/product"}],"about":[{"href":"https:\/\/amd-bl.website\/index.php?rest_route=\/wp\/v2\/types\/product"}],"replies":[{"embeddable":true,"href":"https:\/\/amd-bl.website\/index.php?rest_route=%2Fwp%2Fv2%2Fcomments&post=17463"}],"wp:featuredmedia":[{"embeddable":true,"href":"https:\/\/amd-bl.website\/index.php?rest_route=\/wp\/v2\/media\/18943"}],"wp:attachment":[{"href":"https:\/\/amd-bl.website\/index.php?rest_route=%2Fwp%2Fv2%2Fmedia&parent=17463"}],"wp:term":[{"taxonomy":"product_brand","embeddable":true,"href":"https:\/\/amd-bl.website\/index.php?rest_route=%2Fwp%2Fv2%2Fproduct_brand&post=17463"},{"taxonomy":"product_cat","embeddable":true,"href":"https:\/\/amd-bl.website\/index.php?rest_route=%2Fwp%2Fv2%2Fproduct_cat&post=17463"},{"taxonomy":"product_tag","embeddable":true,"href":"https:\/\/amd-bl.website\/index.php?rest_route=%2Fwp%2Fv2%2Fproduct_tag&post=17463"}],"curies":[{"name":"wp","href":"https:\/\/api.w.org\/{rel}","templated":true}]}}