{"id":17305,"date":"2024-03-18T19:59:44","date_gmt":"2024-03-18T19:59:44","guid":{"rendered":"https:\/\/amd-bl.website\/?product=15174-laserski-metar-40m"},"modified":"2025-11-06T09:11:08","modified_gmt":"2025-11-06T09:11:08","slug":"15174-laserski-metar-40m","status":"publish","type":"product","link":"https:\/\/amd-bl.website\/?product=15174-laserski-metar-40m","title":{"rendered":"15174 LASERSKI METAR 40M"},"content":{"rendered":"<ul>\n<li>EAN: 5903755151742<\/li>\n<li><span>Vrijeme mjerenja 0,5 sek<\/span><\/li>\n<li><span>Laser klase II<\/span><\/li>\n<li><span>Tip lasera 635 nm, &lt;1 mW<\/span><\/li>\n<li><span>Pre\u010dnik laserske ta\u010dke (na du\u017einama) 6 mm na 10 m, 30 mm na 40 m<\/span><\/li>\n<li><span>Automatsko isklju\u010divanje nakon 180 s<\/span><\/li>\n<li><span>Ekran sa pozadinskim osvetljenjem<\/span><\/li>\n<li><span>Skladi\u0161tenje za 20 mjerenja<\/span><\/li>\n<li><span>Mogu\u0107nost izbora 3 po\u010detne ta\u010dke merenja: prednji, zadnji ili no\u017eni daljinomer u slu\u010daju merenja u uglu<\/span><\/li>\n<li><span>Dostupne vrste mjerenja: jedno mjerenje, kontinuirano mjerenje, Pitagorina teorema &#8211; direktno i indirektno, izra\u010dunavanje povr\u0161ine i zapremine<\/span><\/li>\n<li><span>Mjerenje ugla nagiba u ravni (samo kod modela 15174)<\/span><\/li>\n<li><span>Mogu\u0107nost sabiranja i oduzimanja mjerenja<\/span><\/li>\n<li><span>Vek trajanja baterije (tip AAA, 2 x 1,5 V) do 5000 merenja<\/span><\/li>\n<li><span>Dimenzije i te\u017eina: 120 mm x 48 mm x 24 mm, 109 g<\/span><\/li>\n<li><span>Temperaturni raspon: skladi\u0161tenje od -20 \u00b0C do + 65 \u00b0C, rad od 0 \u00b0C do + 40 \u00b0C<\/span><\/li>\n<li><span>Upakovano u kutiju sa uputstvom za upotrebu<\/span><\/li>\n<\/ul>\n","protected":false},"excerpt":{"rendered":"<p>EAN: 5903755151742 Vrijeme mjerenja 0,5 sek Laser klase II Tip lasera 635 nm, &lt;1 mW Pre\u010dnik laserske ta\u010dke (na du\u017einama) 6 mm na 10 m, 30 mm na 40 m Automatsko isklju\u010divanje nakon 180 s Ekran sa pozadinskim osvetljenjem Skladi\u0161tenje za 20 mjerenja Mogu\u0107nost izbora 3 po\u010detne ta\u010dke merenja: prednji, zadnji ili no\u017eni daljinomer u [&hellip;]<\/p>\n","protected":false},"featured_media":17367,"comment_status":"closed","ping_status":"closed","template":"","meta":{"pagelayer_contact_templates":[],"_pagelayer_content":""},"product_brand":[],"product_cat":[157,68],"product_tag":[],"class_list":{"0":"post-17305","1":"product","2":"type-product","3":"status-publish","4":"has-post-thumbnail","6":"product_cat-roba-na-akciji","7":"product_cat-mjerni-alati","9":"first","10":"instock","11":"sale","12":"shipping-taxable","13":"purchasable","14":"product-type-simple"},"_links":{"self":[{"href":"https:\/\/amd-bl.website\/index.php?rest_route=\/wp\/v2\/product\/17305","targetHints":{"allow":["GET"]}}],"collection":[{"href":"https:\/\/amd-bl.website\/index.php?rest_route=\/wp\/v2\/product"}],"about":[{"href":"https:\/\/amd-bl.website\/index.php?rest_route=\/wp\/v2\/types\/product"}],"replies":[{"embeddable":true,"href":"https:\/\/amd-bl.website\/index.php?rest_route=%2Fwp%2Fv2%2Fcomments&post=17305"}],"wp:featuredmedia":[{"embeddable":true,"href":"https:\/\/amd-bl.website\/index.php?rest_route=\/wp\/v2\/media\/17367"}],"wp:attachment":[{"href":"https:\/\/amd-bl.website\/index.php?rest_route=%2Fwp%2Fv2%2Fmedia&parent=17305"}],"wp:term":[{"taxonomy":"product_brand","embeddable":true,"href":"https:\/\/amd-bl.website\/index.php?rest_route=%2Fwp%2Fv2%2Fproduct_brand&post=17305"},{"taxonomy":"product_cat","embeddable":true,"href":"https:\/\/amd-bl.website\/index.php?rest_route=%2Fwp%2Fv2%2Fproduct_cat&post=17305"},{"taxonomy":"product_tag","embeddable":true,"href":"https:\/\/amd-bl.website\/index.php?rest_route=%2Fwp%2Fv2%2Fproduct_tag&post=17305"}],"curies":[{"name":"wp","href":"https:\/\/api.w.org\/{rel}","templated":true}]}}