{"id":17288,"date":"2024-03-18T19:58:23","date_gmt":"2024-03-18T19:58:23","guid":{"rendered":"https:\/\/amd-bl.website\/?product=9701-ravni-osiguraci-za-automobile-120-kom"},"modified":"2025-01-04T14:15:48","modified_gmt":"2025-01-04T14:15:48","slug":"9701-ravni-osiguraci-za-automobile-120-kom","status":"publish","type":"product","link":"https:\/\/amd-bl.website\/?product=9701-ravni-osiguraci-za-automobile-120-kom","title":{"rendered":"9701 Ravni osigura\u010di za automobile 120 kom."},"content":{"rendered":"<p>UKLJU\u010cENO<\/p>\n<p>20 kom &#8211; 5 A osigura\u010d<br \/>\n20 kom &#8211; osigura\u010d 10 A<br \/>\n20 kom &#8211; 15 A osigura\u010d<br \/>\n20 kom &#8211; osigura\u010d 20 A<br \/>\n20 kom &#8211; 25 A osigura\u010d<br \/>\n20 kom &#8211; osigura\u010d 30 A<\/p>\n","protected":false},"excerpt":{"rendered":"<p>UKLJU\u010cENO 20 kom &#8211; 5 A osigura\u010d 20 kom &#8211; osigura\u010d 10 A 20 kom &#8211; 15 A osigura\u010d 20 kom &#8211; osigura\u010d 20 A 20 kom &#8211; 25 A osigura\u010d 20 kom &#8211; osigura\u010d 30 A<\/p>\n","protected":false},"featured_media":18925,"comment_status":"open","ping_status":"closed","template":"","meta":{"pagelayer_contact_templates":[],"_pagelayer_content":""},"product_brand":[],"product_cat":[72],"product_tag":[],"class_list":{"0":"post-17288","1":"product","2":"type-product","3":"status-publish","4":"has-post-thumbnail","6":"product_cat-potrosni-materijali-i-oprema-za-radionice","8":"first","9":"instock","10":"shipping-taxable","11":"purchasable","12":"product-type-simple"},"_links":{"self":[{"href":"https:\/\/amd-bl.website\/index.php?rest_route=\/wp\/v2\/product\/17288","targetHints":{"allow":["GET"]}}],"collection":[{"href":"https:\/\/amd-bl.website\/index.php?rest_route=\/wp\/v2\/product"}],"about":[{"href":"https:\/\/amd-bl.website\/index.php?rest_route=\/wp\/v2\/types\/product"}],"replies":[{"embeddable":true,"href":"https:\/\/amd-bl.website\/index.php?rest_route=%2Fwp%2Fv2%2Fcomments&post=17288"}],"wp:featuredmedia":[{"embeddable":true,"href":"https:\/\/amd-bl.website\/index.php?rest_route=\/wp\/v2\/media\/18925"}],"wp:attachment":[{"href":"https:\/\/amd-bl.website\/index.php?rest_route=%2Fwp%2Fv2%2Fmedia&parent=17288"}],"wp:term":[{"taxonomy":"product_brand","embeddable":true,"href":"https:\/\/amd-bl.website\/index.php?rest_route=%2Fwp%2Fv2%2Fproduct_brand&post=17288"},{"taxonomy":"product_cat","embeddable":true,"href":"https:\/\/amd-bl.website\/index.php?rest_route=%2Fwp%2Fv2%2Fproduct_cat&post=17288"},{"taxonomy":"product_tag","embeddable":true,"href":"https:\/\/amd-bl.website\/index.php?rest_route=%2Fwp%2Fv2%2Fproduct_tag&post=17288"}],"curies":[{"name":"wp","href":"https:\/\/api.w.org\/{rel}","templated":true}]}}