{"id":17145,"date":"2023-09-10T19:37:59","date_gmt":"2023-09-10T19:37:59","guid":{"rendered":"https:\/\/amd-bl.website\/?product=proizvod-218"},"modified":"2025-11-11T13:17:51","modified_gmt":"2025-11-11T13:17:51","slug":"proizvod-218","status":"publish","type":"product","link":"https:\/\/amd-bl.website\/?product=proizvod-218","title":{"rendered":"TS10 Univerzalna traka 48\/10"},"content":{"rendered":"<p>DUCT SILVER traka 48mm (\u0161irina) x10m (du\u017eina)<br \/>\nOpis:<\/p>\n<p>DUCT SILVER traka 48mm x 10m od XL-TOOLS je izuzetno jaka i svestrana traka za popravke, idealna za razne primjene. Oja\u010dana tkaninom, otporna je na sve vremenske uslove i vodootporna, \u0161to ga \u010dini nezamenljivim alatom za popravke u svim uslovima. Zahvaljuju\u0107i izuzetnoj adheziji i izdr\u017eljivosti, savr\u0161en je za spajanje, brtvljenje i oja\u010davanje elemenata. Njegova intuitivna upotreba omogu\u0107ava da se lako otkine rukom, \u0161to zna\u010dajno ubrzava proces popravke.<\/p>\n<p>Dimenzije:<\/p>\n<p>&#8211; \u0160irina trake: 48mm<br \/>\n&#8211; Du\u017eina: 10m<\/p>\n<p>Karakteristike:<\/p>\n<p>&#8211; Jednostrano ljepilo s bijelom gumenom ljepljivom emulzijom.<br \/>\n&#8211; Poja\u010dana sinteti\u010dkom mre\u017eom i laminiranim PE.<br \/>\n&#8211; Otporan na temperaturne promjene od -10\u00b0C do +75\u00b0C.<br \/>\n&#8211; Lako se kida rukom.<br \/>\n&#8211; Ne sadr\u017ei rastvara\u010de.<\/p>\n<p>Parametri:<\/p>\n<p>&#8211; \u0160ifra proizvoda: TS10<br \/>\n&#8211; Marka: XL-TOOLS<br \/>\n&#8211; Proizvo\u0111a\u010d: XL-TOOLS Poljska<br \/>\n&#8211; Te\u017eina: 0,176 kg<br \/>\n&#8211; Jedinica mjere: kom<br \/>\n&#8211; EAN13 Bar kod: 5907630135254<\/p>\n<p>Primjena:<\/p>\n<p>DUCT SILVER traka od XL-TOOLS je idealna za XL-TOOLShu i profesionalci. Savr\u0161eno za popravke, pri\u010dvr\u0161\u0107ivanje predmeta, spajanje \u017eica u snopove, ja\u010danje konstrukcija i ozna\u010davanje. Njegova univerzalnost \u010dini ga nezamjenjivim i kod ku\u0107e i u profesionalnoj radionici. Omogu\u0107uje vam brze i jednostavne popravke, osiguravaju\u0107i izdr\u017eljive spojeve otporne na vlagu.<\/p>\n","protected":false},"excerpt":{"rendered":"<p>DUCT SILVER traka 48mm (\u0161irina) x10m (du\u017eina) Opis: DUCT SILVER traka 48mm x 10m od XL-TOOLS je izuzetno jaka i svestrana traka za popravke, idealna za razne primjene. Oja\u010dana tkaninom, otporna je na sve vremenske uslove i vodootporna, \u0161to ga \u010dini nezamenljivim alatom za popravke u svim uslovima. Zahvaljuju\u0107i izuzetnoj adheziji i izdr\u017eljivosti, savr\u0161en je [&hellip;]<\/p>\n","protected":false},"featured_media":18872,"comment_status":"open","ping_status":"closed","template":"","meta":{"pagelayer_contact_templates":[],"_pagelayer_content":""},"product_brand":[],"product_cat":[157,102],"product_tag":[],"class_list":{"0":"post-17145","1":"product","2":"type-product","3":"status-publish","4":"has-post-thumbnail","6":"product_cat-roba-na-akciji","7":"product_cat-razno","9":"first","10":"instock","11":"sale","12":"shipping-taxable","13":"purchasable","14":"product-type-simple"},"_links":{"self":[{"href":"https:\/\/amd-bl.website\/index.php?rest_route=\/wp\/v2\/product\/17145","targetHints":{"allow":["GET"]}}],"collection":[{"href":"https:\/\/amd-bl.website\/index.php?rest_route=\/wp\/v2\/product"}],"about":[{"href":"https:\/\/amd-bl.website\/index.php?rest_route=\/wp\/v2\/types\/product"}],"replies":[{"embeddable":true,"href":"https:\/\/amd-bl.website\/index.php?rest_route=%2Fwp%2Fv2%2Fcomments&post=17145"}],"wp:featuredmedia":[{"embeddable":true,"href":"https:\/\/amd-bl.website\/index.php?rest_route=\/wp\/v2\/media\/18872"}],"wp:attachment":[{"href":"https:\/\/amd-bl.website\/index.php?rest_route=%2Fwp%2Fv2%2Fmedia&parent=17145"}],"wp:term":[{"taxonomy":"product_brand","embeddable":true,"href":"https:\/\/amd-bl.website\/index.php?rest_route=%2Fwp%2Fv2%2Fproduct_brand&post=17145"},{"taxonomy":"product_cat","embeddable":true,"href":"https:\/\/amd-bl.website\/index.php?rest_route=%2Fwp%2Fv2%2Fproduct_cat&post=17145"},{"taxonomy":"product_tag","embeddable":true,"href":"https:\/\/amd-bl.website\/index.php?rest_route=%2Fwp%2Fv2%2Fproduct_tag&post=17145"}],"curies":[{"name":"wp","href":"https:\/\/api.w.org\/{rel}","templated":true}]}}