{"id":17134,"date":"2023-09-10T19:37:54","date_gmt":"2023-09-10T19:37:54","guid":{"rendered":"https:\/\/amd-bl.website\/?product=proizvod-207"},"modified":"2025-11-11T13:32:15","modified_gmt":"2025-11-11T13:32:15","slug":"proizvod-207","status":"publish","type":"product","link":"https:\/\/amd-bl.website\/?product=proizvod-207","title":{"rendered":"KSLD50 Katanac 50 mm"},"content":{"rendered":"<h3><span>Katanac od livenog gvo\u017e\u0111a Atom 50mm \/ blister kodirani klju\u010d<\/span><\/h3>\n<pre><span>Opis:<\/span>\r\n<span>Katanac od livenog gvo\u017e\u0111a od mesinga ATOM je sigurnosni mehanizam sa pove\u0107anom otporno\u0161\u0107u na koroziju, namenjen za zaklju\u010davanje i za\u0161titu razli\u010ditih vrsta objekata.\u00a0Ima hromiranu \u010deli\u010dnu traku za glavu i 5-pinski sigurnosni mehanizam koji radi sa tri \u010deli\u010dna kodirana klju\u010da, \u0161to pove\u0107ava za\u0161titu od neovla\u0161tenog pristupa.\u00a0Proizvod je pogodan za unutra\u0161nju i vanjsku upotrebu.<\/span>\r\n\r\n<span>Dimenzije:<\/span>\r\n<span>- Veli\u010dina lokota: 50 mm<\/span>\r\n<span>- Pre\u010dnik dr\u0161ke: 8 mm<\/span>\r\n<span>- Visina ku\u0107i\u0161ta lokota: 40 mm<\/span>\r\n<span>- \u0160irina lokota: 48 mm<\/span>\r\n<span>- Razmak izme\u0111u tela i okova: 27 mm<\/span>\r\n<span>- Debljina tela: 21 mm<\/span>\r\n\r\n<span>Karakteristike:<\/span>\r\n<span>- Konstrukcija od livenog gvo\u017e\u0111a sa mesingom zavr\u0161na obrada<\/span>\r\n<span>- Kaljeni zatik<\/span>\r\n<span>- hromirani \u010deli\u010dni okovi<\/span>\r\n<span>- Za\u0161tita od korozije<\/span>\r\n<span>- Protuprovalna za\u0161tita sa mehanizmom od 5 pinova<\/span>\r\n<span>- Uklju\u010dena su tri kodirana klju\u010da<\/span>\r\n<span>- Proizvod dostupan u dvije veli\u010dine: 40 i 50 mm<\/span>\r\n\r\n<span>Parametri:<\/span>\r\n<span>- \u0160ifra proizvoda: KSLD50<\/span>\r\n<span>- Marka proizvoda : ATOM<\/span>\r\n<span>- Te\u017eina proizvoda: 0,286 kg<\/span>\r\n<span>- Jedinica mjere: kom<\/span>\r\n<span>- EAN13 Bar kod: 5907630146823<\/span><\/pre>\n","protected":false},"excerpt":{"rendered":"<p>Katanac od livenog gvo\u017e\u0111a Atom 50mm \/ blister kodirani klju\u010d Opis: Katanac od livenog gvo\u017e\u0111a od mesinga ATOM je sigurnosni mehanizam sa pove\u0107anom otporno\u0161\u0107u na koroziju, namenjen za zaklju\u010davanje i za\u0161titu razli\u010ditih vrsta objekata.\u00a0Ima hromiranu \u010deli\u010dnu traku za glavu i 5-pinski sigurnosni mehanizam koji radi sa tri \u010deli\u010dna kodirana klju\u010da, \u0161to pove\u0107ava za\u0161titu od neovla\u0161tenog [&hellip;]<\/p>\n","protected":false},"featured_media":17360,"comment_status":"closed","ping_status":"closed","template":"","meta":{"pagelayer_contact_templates":[],"_pagelayer_content":""},"product_brand":[],"product_cat":[157,102],"product_tag":[],"class_list":{"0":"post-17134","1":"product","2":"type-product","3":"status-publish","4":"has-post-thumbnail","6":"product_cat-roba-na-akciji","7":"product_cat-razno","9":"first","10":"instock","11":"sale","12":"shipping-taxable","13":"purchasable","14":"product-type-simple"},"_links":{"self":[{"href":"https:\/\/amd-bl.website\/index.php?rest_route=\/wp\/v2\/product\/17134","targetHints":{"allow":["GET"]}}],"collection":[{"href":"https:\/\/amd-bl.website\/index.php?rest_route=\/wp\/v2\/product"}],"about":[{"href":"https:\/\/amd-bl.website\/index.php?rest_route=\/wp\/v2\/types\/product"}],"replies":[{"embeddable":true,"href":"https:\/\/amd-bl.website\/index.php?rest_route=%2Fwp%2Fv2%2Fcomments&post=17134"}],"wp:featuredmedia":[{"embeddable":true,"href":"https:\/\/amd-bl.website\/index.php?rest_route=\/wp\/v2\/media\/17360"}],"wp:attachment":[{"href":"https:\/\/amd-bl.website\/index.php?rest_route=%2Fwp%2Fv2%2Fmedia&parent=17134"}],"wp:term":[{"taxonomy":"product_brand","embeddable":true,"href":"https:\/\/amd-bl.website\/index.php?rest_route=%2Fwp%2Fv2%2Fproduct_brand&post=17134"},{"taxonomy":"product_cat","embeddable":true,"href":"https:\/\/amd-bl.website\/index.php?rest_route=%2Fwp%2Fv2%2Fproduct_cat&post=17134"},{"taxonomy":"product_tag","embeddable":true,"href":"https:\/\/amd-bl.website\/index.php?rest_route=%2Fwp%2Fv2%2Fproduct_tag&post=17134"}],"curies":[{"name":"wp","href":"https:\/\/api.w.org\/{rel}","templated":true}]}}