{"id":17058,"date":"2023-09-10T19:37:20","date_gmt":"2023-09-10T19:37:20","guid":{"rendered":"https:\/\/amd-bl.website\/?product=proizvod-131"},"modified":"2025-11-11T12:18:55","modified_gmt":"2025-11-11T12:18:55","slug":"proizvod-131","status":"publish","type":"product","link":"https:\/\/amd-bl.website\/?product=proizvod-131","title":{"rendered":"ZAR144 SET IGLICASTIH OSIGURACA"},"content":{"rendered":"<p>Komplet ravnih klinova na izvla\u010denje 144 kom. BOXX<br \/>\nOpis: Komplet ravnih klinova od XL-TOOLS je neprocjenjiv alat u svakoj radionici, auto servisu ili ku\u0107noj gara\u017ei. Sastoji se od 144 elementa u \u0161est razli\u010ditih veli\u010dina, koji savr\u0161eno \u0161tite odabrane dijelove stroja od pomjeranja ili klizanja. Utika\u010di su upakovani u prakti\u010dan plasti\u010dni organizator sa pregradama, \u0161to ih \u010dini lak\u0161im za skladi\u0161tenje i organizovanje. Zahvaljuju\u0107i svojoj svestranosti, ovaj proizvod se mo\u017ee koristiti u raznim servisima i popravkama, nude\u0107i pouzdanost i jednostavnost upotrebe.<\/p>\n<p>Dimenzije:<br \/>\n&#8211; 3&#215;50 mm: 50 komada<br \/>\n&#8211; 4&#215;60 mm: 30 komada<br \/>\n&#8211; 5&#215;75 mm: 20<br \/>\nkomada &#8211; 6&#215;50 mm: 20 komada<br \/>\n&#8211; 6&#215;75 mm: 16 komada<br \/>\n&#8211; 8&#215;60 mm: 8 komada<\/p>\n<p>Karakteristike:<br \/>\n&#8211; Set sadr\u017ei 144 elementa u \u0161est veli\u010dina.<br \/>\n&#8211; Izdr\u017eljivi razdjelnici \u0161tite dijelove stroja od pomjeranja.<br \/>\n&#8211; Plasti\u010dni organizator sa pretincima za jednostavno skladi\u0161tenje.<br \/>\n&#8211; Savr\u0161eno za aplikacije u radionici i automobilske usluge.<br \/>\n&#8211; Nezamjenjiv u popravci i odr\u017eavanju ma\u0161ina.<\/p>\n<p>Parametri:<br \/>\n&#8211; \u0160ifra proizvoda: ZAR144<br \/>\n&#8211; Marka: XL-TOOLS<br \/>\n&#8211; Proizvo\u0111a\u010d: XL-TOOLS Poljska<br \/>\n&#8211; Te\u017eina proizvoda: 1,094 kg<br \/>\n&#8211; Jedinica mjere: kom<br \/>\n&#8211; EAN13 Bar kod: 5907630155405<\/p>\n<p>Primjena:<br \/>\nXL-TOOLS set je idealan za razdjelne igle upotreba u radionicama, auto servisima i ku\u0107nim gara\u017eama. Savr\u0161en je za sastavljanje i rastavljanje dijelova stroja, nude\u0107i jednostavan na\u010din za\u0161tite komponenti od ne\u017eeljenog pomicanja. Zahvaljuju\u0107i raznim veli\u010dinama igle, ovaj set je univerzalni alat za \u0161irok spektar popravki i servisnih radova.<\/p>\n","protected":false},"excerpt":{"rendered":"<p>Komplet ravnih klinova na izvla\u010denje 144 kom. BOXX Opis: Komplet ravnih klinova od XL-TOOLS je neprocjenjiv alat u svakoj radionici, auto servisu ili ku\u0107noj gara\u017ei. Sastoji se od 144 elementa u \u0161est razli\u010ditih veli\u010dina, koji savr\u0161eno \u0161tite odabrane dijelove stroja od pomjeranja ili klizanja. Utika\u010di su upakovani u prakti\u010dan plasti\u010dni organizator sa pregradama, \u0161to ih [&hellip;]<\/p>\n","protected":false},"featured_media":18898,"comment_status":"open","ping_status":"closed","template":"","meta":{"pagelayer_contact_templates":[],"_pagelayer_content":""},"product_brand":[],"product_cat":[157,72],"product_tag":[],"class_list":{"0":"post-17058","1":"product","2":"type-product","3":"status-publish","4":"has-post-thumbnail","6":"product_cat-roba-na-akciji","7":"product_cat-potrosni-materijali-i-oprema-za-radionice","9":"first","10":"instock","11":"sale","12":"shipping-taxable","13":"purchasable","14":"product-type-simple"},"_links":{"self":[{"href":"https:\/\/amd-bl.website\/index.php?rest_route=\/wp\/v2\/product\/17058","targetHints":{"allow":["GET"]}}],"collection":[{"href":"https:\/\/amd-bl.website\/index.php?rest_route=\/wp\/v2\/product"}],"about":[{"href":"https:\/\/amd-bl.website\/index.php?rest_route=\/wp\/v2\/types\/product"}],"replies":[{"embeddable":true,"href":"https:\/\/amd-bl.website\/index.php?rest_route=%2Fwp%2Fv2%2Fcomments&post=17058"}],"wp:featuredmedia":[{"embeddable":true,"href":"https:\/\/amd-bl.website\/index.php?rest_route=\/wp\/v2\/media\/18898"}],"wp:attachment":[{"href":"https:\/\/amd-bl.website\/index.php?rest_route=%2Fwp%2Fv2%2Fmedia&parent=17058"}],"wp:term":[{"taxonomy":"product_brand","embeddable":true,"href":"https:\/\/amd-bl.website\/index.php?rest_route=%2Fwp%2Fv2%2Fproduct_brand&post=17058"},{"taxonomy":"product_cat","embeddable":true,"href":"https:\/\/amd-bl.website\/index.php?rest_route=%2Fwp%2Fv2%2Fproduct_cat&post=17058"},{"taxonomy":"product_tag","embeddable":true,"href":"https:\/\/amd-bl.website\/index.php?rest_route=%2Fwp%2Fv2%2Fproduct_tag&post=17058"}],"curies":[{"name":"wp","href":"https:\/\/api.w.org\/{rel}","templated":true}]}}