{"id":17051,"date":"2023-09-10T19:37:18","date_gmt":"2023-09-10T19:37:18","guid":{"rendered":"https:\/\/amd-bl.website\/?product=proizvod-124"},"modified":"2024-11-18T14:10:09","modified_gmt":"2024-11-18T14:10:09","slug":"proizvod-124","status":"publish","type":"product","link":"https:\/\/amd-bl.website\/?product=proizvod-124","title":{"rendered":"WHZ51 SET BURGIJA 1\/4&#8221;"},"content":{"rendered":"<h3>HSS BIT burgije za metal za odvija\u010d 1,5-4,8 5 kom<\/h3>\n<p>Opis:<\/p>\n<p>HSS BIT burgije za metal su visokokvalitetni alati za bu\u0161enje u raznim materijalima, kao \u0161to su metal, drvo i plastika.\u00a0Set uklju\u010duje pet burgija pre\u010dnika 1,5 mm, 2,5 mm, 3,2 mm, 4 mm i 4,8 mm.\u00a0Svaka burgija je izra\u0111ena od kaljenog brzoreznog alatnog \u010delika (HSS) i ima poseban titanijumski premaz koji pove\u0107ava izdr\u017eljivost i performanse alata.<\/p>\n<p>Bu\u0161ilice imaju \u0161estougaonu dr\u0161ku od 1\/4 in\u010da, koja omogu\u0107ava brzu i prakti\u010dnu zamjenu u odvija\u010dima.\u00a0Pomo\u0107u ovog alata mo\u017eete jednostavno i precizno napraviti rupe u raznim materijalima, \u0161tede\u0107i vrijeme i energiju.<\/p>\n<p>Dimenzije:<br \/>\n&#8211; Pre\u010dnik burgije: 1,5 mm, 2,5 mm, 3,2 mm, 4 mm, 4,8 mm<br \/>\n&#8211; Hex dr\u0161ka: 1\/4 in\u010da<\/p>\n<p>Karakteristike:<br \/>\n&#8211; Od kaljenog brzoreznog alatnog \u010delika (HSS)<br \/>\n&#8211; Titanijumski premaz za ve\u0107u izdr\u017eljivost<br \/>\n&#8211; Dizajniran za bu\u0161enje u metalu, drvetu i plastici<br \/>\n&#8211; \u0160estougaona dr\u0161ka omogu\u0107ava brzu zamjenu burgije u odvija\u010dima<\/p>\n<p>Parametri:<br \/>\n&#8211; \u0160ifra proizvoda: WHZ51<br \/>\n&#8211; Jedinica mjere: kom<br \/>\n&#8211; Te\u017eina proizvoda: 0,068 kg &#8211;<br \/>\nMarka proizvoda: XL-TOOLS<br \/>\n&#8211; EAN13 bar kod: 59076370152\u00a0Metalni kod<\/p>\n<p>: 5907630152<br \/>\nHSS BIT-ovi su idealni za pravljenje rupa u razli\u010ditim materijalima kao \u0161to su metal, drvo i plastika.\u00a0Zahvaljuju\u0107i visokokvalitetnim materijalima i posebnom titanijumskom premazu, garantuju precizno bu\u0161enje i dugotrajne performanse.\u00a0Mogu se koristiti kako u profesionalnim radionicama, tako i za ku\u0107nu DIY.\u00a0Odaberite HSS BIT bu\u0161ilice i u\u017eivajte u lako\u0107i i efikasnosti bu\u0161enja u razli\u010ditim materijalima.<\/p>\n","protected":false},"excerpt":{"rendered":"<p>HSS BIT burgije za metal za odvija\u010d 1,5-4,8 5 kom Opis: HSS BIT burgije za metal su visokokvalitetni alati za bu\u0161enje u raznim materijalima, kao \u0161to su metal, drvo i plastika.\u00a0Set uklju\u010duje pet burgija pre\u010dnika 1,5 mm, 2,5 mm, 3,2 mm, 4 mm i 4,8 mm.\u00a0Svaka burgija je izra\u0111ena od kaljenog brzoreznog alatnog \u010delika (HSS) [&hellip;]<\/p>\n","protected":false},"featured_media":17540,"comment_status":"closed","ping_status":"closed","template":"","meta":{"pagelayer_contact_templates":[],"_pagelayer_content":""},"product_brand":[],"product_cat":[157],"product_tag":[],"class_list":{"0":"post-17051","1":"product","2":"type-product","3":"status-publish","4":"has-post-thumbnail","6":"product_cat-roba-na-akciji","8":"first","9":"instock","10":"sale","11":"shipping-taxable","12":"purchasable","13":"product-type-simple"},"_links":{"self":[{"href":"https:\/\/amd-bl.website\/index.php?rest_route=\/wp\/v2\/product\/17051","targetHints":{"allow":["GET"]}}],"collection":[{"href":"https:\/\/amd-bl.website\/index.php?rest_route=\/wp\/v2\/product"}],"about":[{"href":"https:\/\/amd-bl.website\/index.php?rest_route=\/wp\/v2\/types\/product"}],"replies":[{"embeddable":true,"href":"https:\/\/amd-bl.website\/index.php?rest_route=%2Fwp%2Fv2%2Fcomments&post=17051"}],"wp:featuredmedia":[{"embeddable":true,"href":"https:\/\/amd-bl.website\/index.php?rest_route=\/wp\/v2\/media\/17540"}],"wp:attachment":[{"href":"https:\/\/amd-bl.website\/index.php?rest_route=%2Fwp%2Fv2%2Fmedia&parent=17051"}],"wp:term":[{"taxonomy":"product_brand","embeddable":true,"href":"https:\/\/amd-bl.website\/index.php?rest_route=%2Fwp%2Fv2%2Fproduct_brand&post=17051"},{"taxonomy":"product_cat","embeddable":true,"href":"https:\/\/amd-bl.website\/index.php?rest_route=%2Fwp%2Fv2%2Fproduct_cat&post=17051"},{"taxonomy":"product_tag","embeddable":true,"href":"https:\/\/amd-bl.website\/index.php?rest_route=%2Fwp%2Fv2%2Fproduct_tag&post=17051"}],"curies":[{"name":"wp","href":"https:\/\/api.w.org\/{rel}","templated":true}]}}