{"id":17049,"date":"2023-09-10T19:37:17","date_gmt":"2023-09-10T19:37:17","guid":{"rendered":"https:\/\/amd-bl.website\/?product=proizvod-122"},"modified":"2025-01-04T16:19:53","modified_gmt":"2025-01-04T16:19:53","slug":"proizvod-122","status":"publish","type":"product","link":"https:\/\/amd-bl.website\/?product=proizvod-122","title":{"rendered":"NOR116 SET LIM MATICA"},"content":{"rendered":"<h3>M3-M10 matice za zakovice, set od 300 kom<\/h3>\n<p>Opis:<br \/>\nSet navrtki za zakovice sadr\u017ei pri\u010dvr\u0161\u0107iva\u010de namenjene stvaranju trajnih navoja u materijalima male debljine, kao \u0161to su lim ili profili tankih zidova.\u00a0Set se sastoji od 300 komada matica za zakovice, uklju\u010duju\u0107i 150 komada od aluminijuma i 150 komada od \u010delika.\u00a0Matice za zakovice su opremljene valjanim, narebrenim prirubnicama koje pove\u0107avaju kontaktnu povr\u0161inu i pobolj\u0161avaju prianjanje na materijal koji se ugra\u0111uje.<\/p>\n<p>Karakteristike:<br \/>\n&#8211; Set sadr\u017ei 300 komada matica za zakovice<br \/>\n&#8211; Materijali: aluminijum i \u010delik<br \/>\n&#8211; Valjane, nazubljene prirubnice za bolje prianjanje<br \/>\n&#8211; Mogu\u0107nost izrade navoja u materijalima sa tankim zidovima<\/p>\n<p>Parametri:<br \/>\n\u0160ifra proizvoda: NOR116<br \/>\nDimenzije:<br \/>\n&#8211; M3 x 10mm \u2013 50 kom &#8211;<br \/>\nM4 x 11 mm \u2013 50 kom<br \/>\n&#8211; M5 x 13 mm \u2013 50 kom<br \/>\n&#8211; M6 x 15 mm \u2013 50 kom<br \/>\n&#8211; M8 x 18 mm \u2013 50 kom<br \/>\n&#8211; M10 x 21 mm \u2013 50 kom<br \/>\nOstali parametri:<br \/>\n&#8211; Marka proizvoda: XL- ALATI<br \/>\n&#8211; Te\u017eina proizvoda: 0,952 kg<br \/>\n&#8211; Jedinica mjere: kom<br \/>\n&#8211; Bar kod EAN13: 5903347017531<\/p>\n<p>Primjena:<br \/>\nXL-TOOLS navrtke za zakovice se koriste za spajanje tankozidnih elemenata, kao \u0161to su limovi i profili, gdje su tradicionalne metode izrade niti nemogu\u0107e ili neprakti\u010dne .\u00a0Idealni su za upotrebu u automobilskoj, svemirskoj, gra\u0111evinskoj industriji i mnogim drugim podru\u010djima koja zahtijevaju \u010dvrste veze.<\/p>\n<p>Upute za upotrebu:<br \/>\n1. Odaberite odgovaraju\u0107u XL-TOOLS maticu za zakovice koja odgovara debljini materijala i potrebnom navoju.<br \/>\n2. Pripremite rupu u materijalu gdje \u0107e se montirati matica za zakovice, paze\u0107i da je odgovaraju\u0107e veli\u010dine.<br \/>\n3. Postavite maticu zakovice u rupu pomo\u0107u specijalnog alata za zakivanje, koji \u0107e povu\u0107i maticu zakovice i zategnuti njenu obru\u010d uz materijal.<br \/>\n4. Nakon ugradnje matice za zakovice XL-TOOLS, mo\u017eete za\u0161rafiti odgovaraju\u0107i vijak ili vijak u pripremljeni navoj.<\/p>\n","protected":false},"excerpt":{"rendered":"<p>M3-M10 matice za zakovice, set od 300 kom Opis: Set navrtki za zakovice sadr\u017ei pri\u010dvr\u0161\u0107iva\u010de namenjene stvaranju trajnih navoja u materijalima male debljine, kao \u0161to su lim ili profili tankih zidova.\u00a0Set se sastoji od 300 komada matica za zakovice, uklju\u010duju\u0107i 150 komada od aluminijuma i 150 komada od \u010delika.\u00a0Matice za zakovice su opremljene valjanim, narebrenim [&hellip;]<\/p>\n","protected":false},"featured_media":17607,"comment_status":"open","ping_status":"closed","template":"","meta":{"pagelayer_contact_templates":[],"_pagelayer_content":""},"product_brand":[],"product_cat":[157,72],"product_tag":[],"class_list":{"0":"post-17049","1":"product","2":"type-product","3":"status-publish","4":"has-post-thumbnail","6":"product_cat-roba-na-akciji","7":"product_cat-potrosni-materijali-i-oprema-za-radionice","9":"first","10":"instock","11":"sale","12":"shipping-taxable","13":"purchasable","14":"product-type-simple"},"_links":{"self":[{"href":"https:\/\/amd-bl.website\/index.php?rest_route=\/wp\/v2\/product\/17049","targetHints":{"allow":["GET"]}}],"collection":[{"href":"https:\/\/amd-bl.website\/index.php?rest_route=\/wp\/v2\/product"}],"about":[{"href":"https:\/\/amd-bl.website\/index.php?rest_route=\/wp\/v2\/types\/product"}],"replies":[{"embeddable":true,"href":"https:\/\/amd-bl.website\/index.php?rest_route=%2Fwp%2Fv2%2Fcomments&post=17049"}],"wp:featuredmedia":[{"embeddable":true,"href":"https:\/\/amd-bl.website\/index.php?rest_route=\/wp\/v2\/media\/17607"}],"wp:attachment":[{"href":"https:\/\/amd-bl.website\/index.php?rest_route=%2Fwp%2Fv2%2Fmedia&parent=17049"}],"wp:term":[{"taxonomy":"product_brand","embeddable":true,"href":"https:\/\/amd-bl.website\/index.php?rest_route=%2Fwp%2Fv2%2Fproduct_brand&post=17049"},{"taxonomy":"product_cat","embeddable":true,"href":"https:\/\/amd-bl.website\/index.php?rest_route=%2Fwp%2Fv2%2Fproduct_cat&post=17049"},{"taxonomy":"product_tag","embeddable":true,"href":"https:\/\/amd-bl.website\/index.php?rest_route=%2Fwp%2Fv2%2Fproduct_tag&post=17049"}],"curies":[{"name":"wp","href":"https:\/\/api.w.org\/{rel}","templated":true}]}}