{"id":17048,"date":"2023-09-10T19:37:17","date_gmt":"2023-09-10T19:37:17","guid":{"rendered":"https:\/\/amd-bl.website\/?product=proizvod-121"},"modified":"2025-11-11T12:14:22","modified_gmt":"2025-11-11T12:14:22","slug":"proizvod-121","status":"publish","type":"product","link":"https:\/\/amd-bl.website\/?product=proizvod-121","title":{"rendered":"YSA2 ZA\u0160TITNE NAOCALE"},"content":{"rendered":"<p>Profi za\u0161titne nao\u010dale CE odobrene (1 kom privjesak)<br \/>\nOpis:<br \/>\nXL-TOOLS profi za\u0161titne nao\u010dare su pouzdana za\u0161tita o\u010diju pri raznim poslovima u industriji, gra\u0111evinarstvu i sportu. Zahvaljuju\u0107i otpornosti na udare \u010destica srednje energije i visoke temperature, osiguravaju sigurnost u zahtjevnim uvjetima. Prozirna polikarbonatna stakla garantiraju odli\u010dnu vidljivost, a podesiva veli\u010dina PVC okvira osigurava udobnost no\u0161enja. Sertifikat u skladu sa CE EN 166 standardom potvr\u0111uje njihov visok kvalitet i efikasnost za\u0161tite od prijetnji.<\/p>\n<p>Dimenzije:<br \/>\n&#8211; Te\u017eina: 0,041 kg<\/p>\n<p>Karakteristike:<br \/>\n&#8211; Najbolja opti\u010dka klasa (oznaka 1)<br \/>\n&#8211; Otpornost na udare \u010destica srednje energije (oznaka B)<br \/>\n&#8211; Otpornost na udarce na ekstremnim temperaturama (oznaka T)<br \/>\n&#8211; Otpornost na kapi te\u010dnosti i prskanje (oznaka 3 )<br \/>\n&#8211; Otpornost na krupne \u010destice pra\u0161ine (oznaka 4)<br \/>\n&#8211; Okviri od PVC -a<br \/>\n&#8211; So\u010diva od polikarbonata<br \/>\n&#8211; Transparentna boja za optimalnu vidljivost<br \/>\n&#8211; Podesiva veli\u010dina za bolje pristajanje<\/p>\n<p>Parametri:<br \/>\n&#8211; \u0160ifra proizvoda: YSA2<br \/>\n&#8211; Marka: XL-TOOLS<br \/>\n&#8211; Proizvo\u0111a\u010d: XL-TOOLS Poljska<br \/>\n&#8211; Te\u017eina proizvoda: 0,041 kg<br \/>\n&#8211; Jedinica mjere: kom<br \/>\n&#8211; EAN13 Bar kod: 5907630184276<\/p>\n<p>Primjena:<br \/>\nXL-TOOLS za\u0161titne nao\u010dale su idealne za konstrukciju, monta\u017eu, bru\u0161enje, materijala za rezanje, materijala za izlivanje iu cementarama. Savr\u0161eni su kao individualna za\u0161tita o\u010diju u raznim industrijskim i laboratorijskim uslovima. Oni tako\u0111er nude pouzdanu za\u0161titu tokom sportskih aktivnosti gdje je pove\u0107an rizik od ozljeda oka. Ispunjavaju\u0107i zahtjeve standarda EN166, osiguravaju sigurnost i udobnost kori\u0161tenja u svakoj situaciji.<\/p>\n","protected":false},"excerpt":{"rendered":"<p>Profi za\u0161titne nao\u010dale CE odobrene (1 kom privjesak) Opis: XL-TOOLS profi za\u0161titne nao\u010dare su pouzdana za\u0161tita o\u010diju pri raznim poslovima u industriji, gra\u0111evinarstvu i sportu. Zahvaljuju\u0107i otpornosti na udare \u010destica srednje energije i visoke temperature, osiguravaju sigurnost u zahtjevnim uvjetima. Prozirna polikarbonatna stakla garantiraju odli\u010dnu vidljivost, a podesiva veli\u010dina PVC okvira osigurava udobnost no\u0161enja. Sertifikat [&hellip;]<\/p>\n","protected":false},"featured_media":18896,"comment_status":"open","ping_status":"closed","template":"","meta":{"pagelayer_contact_templates":[],"_pagelayer_content":""},"product_brand":[],"product_cat":[157,69],"product_tag":[],"class_list":{"0":"post-17048","1":"product","2":"type-product","3":"status-publish","4":"has-post-thumbnail","6":"product_cat-roba-na-akciji","7":"product_cat-htz-oprema-i-ostalo","9":"first","10":"instock","11":"sale","12":"shipping-taxable","13":"purchasable","14":"product-type-simple"},"_links":{"self":[{"href":"https:\/\/amd-bl.website\/index.php?rest_route=\/wp\/v2\/product\/17048","targetHints":{"allow":["GET"]}}],"collection":[{"href":"https:\/\/amd-bl.website\/index.php?rest_route=\/wp\/v2\/product"}],"about":[{"href":"https:\/\/amd-bl.website\/index.php?rest_route=\/wp\/v2\/types\/product"}],"replies":[{"embeddable":true,"href":"https:\/\/amd-bl.website\/index.php?rest_route=%2Fwp%2Fv2%2Fcomments&post=17048"}],"wp:featuredmedia":[{"embeddable":true,"href":"https:\/\/amd-bl.website\/index.php?rest_route=\/wp\/v2\/media\/18896"}],"wp:attachment":[{"href":"https:\/\/amd-bl.website\/index.php?rest_route=%2Fwp%2Fv2%2Fmedia&parent=17048"}],"wp:term":[{"taxonomy":"product_brand","embeddable":true,"href":"https:\/\/amd-bl.website\/index.php?rest_route=%2Fwp%2Fv2%2Fproduct_brand&post=17048"},{"taxonomy":"product_cat","embeddable":true,"href":"https:\/\/amd-bl.website\/index.php?rest_route=%2Fwp%2Fv2%2Fproduct_cat&post=17048"},{"taxonomy":"product_tag","embeddable":true,"href":"https:\/\/amd-bl.website\/index.php?rest_route=%2Fwp%2Fv2%2Fproduct_tag&post=17048"}],"curies":[{"name":"wp","href":"https:\/\/api.w.org\/{rel}","templated":true}]}}