{"id":17023,"date":"2023-09-10T19:36:42","date_gmt":"2023-09-10T19:36:42","guid":{"rendered":"https:\/\/amd-bl.website\/?product=proizvod-96"},"modified":"2025-11-11T15:22:59","modified_gmt":"2025-11-11T15:22:59","slug":"proizvod-96","status":"publish","type":"product","link":"https:\/\/amd-bl.website\/?product=proizvod-96","title":{"rendered":"OOA Za\u0161titne gumene nao\u010dare CE &#8211; blister"},"content":{"rendered":"<h3>Za\u0161titne nao\u010dare CE gumene 1kom blister\/vre\u0107ica<\/h3>\n<p>Opis:<br \/>\nCE za\u0161titne nao\u010dare, 1 komad, blister\/vre\u0107ica, su za\u0161titne nao\u010dare protiv lomljenja koje pru\u017eaju za\u0161titu o\u010diju od krhotina \u010dvrstih tijela tokom razli\u010ditih aktivnosti, kao \u0161to su obrada metala, drveta, plastike ili kerami\u010dkih materijala. Imaju CE EN 166 certifikat, \u0161to potvr\u0111uje njihovu uskla\u0111enost sa sigurnosnim standardima.<\/p>\n<p>Dimenzije:<br \/>\nNema informacija.<\/p>\n<p>Karakteristike:<br \/>\n&#8211; Opti\u010dka klasa 1 osigurava visoku kvalitetu vida<br \/>\n&#8211; Fleksibilna, podesiva gumena traka omogu\u0107ava savr\u0161eno pristajanje uz lice<br \/>\n&#8211; Izdr\u017eljivo za\u0161titno staklo u kombinaciji sa \u0161irokim bo\u010dnim i gornjim poklopcima<br \/>\n&#8211; Izra\u0111eno od fleksibilnog i mekog materijala koji osigurava udobnost kori\u0161tenja<br \/>\n&#8211; Brojne rupe u ku\u0107i\u0161tu omogu\u0107avaju ventilaciju i ventilaciju spre\u010davaju isparavanje<br \/>\n&#8211; Nema metalnih dijelova, tako da ih mogu koristiti elektri\u010dari<\/p>\n<p>Parametri:<br \/>\n&#8211; \u0160ifra proizvoda: OOA<br \/>\n&#8211; Jedinica mjere: kom<br \/>\n&#8211; Te\u017eina proizvoda: 0,064 kg<br \/>\n&#8211; EAN13 Bar kod: 5907630184269<br \/>\n&#8211; Marka proizvoda: XL-TOOLS<\/p>\n<p>Primena:<br \/>\nZa\u0161titne nao\u010dare gumica za nao\u010dare CE 1kom blister\/vre\u0107ica namenjene su za\u0161titi o\u010diju od prskanja \u010dvrstih tela tokom raznih ru\u010dnih i ma\u0161inskih aktivnosti. Mogu se koristiti za obradu metala, drveta, plastike, kerami\u010dkih materijala itd. Obezbe\u0111uju sigurnost i udobnost upotrebe zahvaljuju\u0107i fleksibilnim poklopcima i ventilaciji. Mogu ih koristiti i elektri\u010dari jer ne sadr\u017ee metalne dijelove.<\/p>\n","protected":false},"excerpt":{"rendered":"<p>Za\u0161titne nao\u010dare CE gumene 1kom blister\/vre\u0107ica Opis: CE za\u0161titne nao\u010dare, 1 komad, blister\/vre\u0107ica, su za\u0161titne nao\u010dare protiv lomljenja koje pru\u017eaju za\u0161titu o\u010diju od krhotina \u010dvrstih tijela tokom razli\u010ditih aktivnosti, kao \u0161to su obrada metala, drveta, plastike ili kerami\u010dkih materijala. Imaju CE EN 166 certifikat, \u0161to potvr\u0111uje njihovu uskla\u0111enost sa sigurnosnim standardima. Dimenzije: Nema informacija. Karakteristike: [&hellip;]<\/p>\n","protected":false},"featured_media":17972,"comment_status":"open","ping_status":"closed","template":"","meta":{"pagelayer_contact_templates":[],"_pagelayer_content":""},"product_brand":[],"product_cat":[157,69],"product_tag":[],"class_list":{"0":"post-17023","1":"product","2":"type-product","3":"status-publish","4":"has-post-thumbnail","6":"product_cat-roba-na-akciji","7":"product_cat-htz-oprema-i-ostalo","9":"first","10":"instock","11":"sale","12":"shipping-taxable","13":"purchasable","14":"product-type-simple"},"_links":{"self":[{"href":"https:\/\/amd-bl.website\/index.php?rest_route=\/wp\/v2\/product\/17023","targetHints":{"allow":["GET"]}}],"collection":[{"href":"https:\/\/amd-bl.website\/index.php?rest_route=\/wp\/v2\/product"}],"about":[{"href":"https:\/\/amd-bl.website\/index.php?rest_route=\/wp\/v2\/types\/product"}],"replies":[{"embeddable":true,"href":"https:\/\/amd-bl.website\/index.php?rest_route=%2Fwp%2Fv2%2Fcomments&post=17023"}],"wp:featuredmedia":[{"embeddable":true,"href":"https:\/\/amd-bl.website\/index.php?rest_route=\/wp\/v2\/media\/17972"}],"wp:attachment":[{"href":"https:\/\/amd-bl.website\/index.php?rest_route=%2Fwp%2Fv2%2Fmedia&parent=17023"}],"wp:term":[{"taxonomy":"product_brand","embeddable":true,"href":"https:\/\/amd-bl.website\/index.php?rest_route=%2Fwp%2Fv2%2Fproduct_brand&post=17023"},{"taxonomy":"product_cat","embeddable":true,"href":"https:\/\/amd-bl.website\/index.php?rest_route=%2Fwp%2Fv2%2Fproduct_cat&post=17023"},{"taxonomy":"product_tag","embeddable":true,"href":"https:\/\/amd-bl.website\/index.php?rest_route=%2Fwp%2Fv2%2Fproduct_tag&post=17023"}],"curies":[{"name":"wp","href":"https:\/\/api.w.org\/{rel}","templated":true}]}}