{"id":16733,"date":"2023-07-20T19:19:50","date_gmt":"2023-07-20T19:19:50","guid":{"rendered":"https:\/\/amd-bl.website\/?post_type=product&#038;p=16733"},"modified":"2025-11-11T13:33:31","modified_gmt":"2025-11-11T13:33:31","slug":"ksld40-katanac-40mm","status":"publish","type":"product","link":"https:\/\/amd-bl.website\/?product=ksld40-katanac-40mm","title":{"rendered":"KSLD40 KATANAC 40mm"},"content":{"rendered":"<pre><label>EAN:<\/label>\u00a05907630146816\r\nAtom 40mm lokot od lijevanog \u017eeljeza.\u00a0\r\nTraka za glavu od hromiranog \u010delika. \r\nZa\u0161tita od korozije.\u00a03 \u010deli\u010dna klju\u010da.\r\n<\/pre>\n","protected":false},"excerpt":{"rendered":"<p>EAN:\u00a05907630146816 Atom 40mm lokot od lijevanog \u017eeljeza.\u00a0 Traka za glavu od hromiranog \u010delika. Za\u0161tita od korozije.\u00a03 \u010deli\u010dna klju\u010da.<\/p>\n","protected":false},"featured_media":16893,"comment_status":"closed","ping_status":"closed","template":"","meta":{"pagelayer_contact_templates":[],"_pagelayer_content":""},"product_brand":[],"product_cat":[157,102],"product_tag":[],"class_list":{"0":"post-16733","1":"product","2":"type-product","3":"status-publish","4":"has-post-thumbnail","6":"product_cat-roba-na-akciji","7":"product_cat-razno","9":"first","10":"instock","11":"sale","12":"shipping-taxable","13":"purchasable","14":"product-type-simple"},"_links":{"self":[{"href":"https:\/\/amd-bl.website\/index.php?rest_route=\/wp\/v2\/product\/16733","targetHints":{"allow":["GET"]}}],"collection":[{"href":"https:\/\/amd-bl.website\/index.php?rest_route=\/wp\/v2\/product"}],"about":[{"href":"https:\/\/amd-bl.website\/index.php?rest_route=\/wp\/v2\/types\/product"}],"replies":[{"embeddable":true,"href":"https:\/\/amd-bl.website\/index.php?rest_route=%2Fwp%2Fv2%2Fcomments&post=16733"}],"wp:featuredmedia":[{"embeddable":true,"href":"https:\/\/amd-bl.website\/index.php?rest_route=\/wp\/v2\/media\/16893"}],"wp:attachment":[{"href":"https:\/\/amd-bl.website\/index.php?rest_route=%2Fwp%2Fv2%2Fmedia&parent=16733"}],"wp:term":[{"taxonomy":"product_brand","embeddable":true,"href":"https:\/\/amd-bl.website\/index.php?rest_route=%2Fwp%2Fv2%2Fproduct_brand&post=16733"},{"taxonomy":"product_cat","embeddable":true,"href":"https:\/\/amd-bl.website\/index.php?rest_route=%2Fwp%2Fv2%2Fproduct_cat&post=16733"},{"taxonomy":"product_tag","embeddable":true,"href":"https:\/\/amd-bl.website\/index.php?rest_route=%2Fwp%2Fv2%2Fproduct_tag&post=16733"}],"curies":[{"name":"wp","href":"https:\/\/api.w.org\/{rel}","templated":true}]}}