{"id":16393,"date":"2023-03-22T15:12:46","date_gmt":"2023-03-22T15:12:46","guid":{"rendered":"https:\/\/amd-bl.website\/?post_type=product&#038;p=16393"},"modified":"2024-12-28T09:47:30","modified_gmt":"2024-12-28T09:47:30","slug":"c8-pvc-crijevo-8mm-uskoro-u-ponudi","status":"publish","type":"product","link":"https:\/\/amd-bl.website\/?product=c8-pvc-crijevo-8mm-uskoro-u-ponudi","title":{"rendered":"C8 PVC CRIJEVO 8mm USKORO U PONUDI !"},"content":{"rendered":"<p>EAN:<\/p>\n<p>plasti\u010dno crijevo za plasti\u010dne spojnice R8 i T8. Prodaja po du\u017enom metru.<\/p>\n","protected":false},"excerpt":{"rendered":"<p>EAN: plasti\u010dno crijevo za plasti\u010dne spojnice R8 i T8. Prodaja po du\u017enom metru.<\/p>\n","protected":false},"featured_media":16395,"comment_status":"closed","ping_status":"closed","template":"","meta":{"pagelayer_contact_templates":[],"_pagelayer_content":""},"product_brand":[],"product_cat":[31],"product_tag":[],"class_list":{"0":"post-16393","1":"product","2":"type-product","3":"status-publish","4":"has-post-thumbnail","6":"product_cat-6_brze-spojnice-celicne-selne","8":"first","9":"instock","10":"shipping-taxable","11":"product-type-simple"},"_links":{"self":[{"href":"https:\/\/amd-bl.website\/index.php?rest_route=\/wp\/v2\/product\/16393","targetHints":{"allow":["GET"]}}],"collection":[{"href":"https:\/\/amd-bl.website\/index.php?rest_route=\/wp\/v2\/product"}],"about":[{"href":"https:\/\/amd-bl.website\/index.php?rest_route=\/wp\/v2\/types\/product"}],"replies":[{"embeddable":true,"href":"https:\/\/amd-bl.website\/index.php?rest_route=%2Fwp%2Fv2%2Fcomments&post=16393"}],"wp:featuredmedia":[{"embeddable":true,"href":"https:\/\/amd-bl.website\/index.php?rest_route=\/wp\/v2\/media\/16395"}],"wp:attachment":[{"href":"https:\/\/amd-bl.website\/index.php?rest_route=%2Fwp%2Fv2%2Fmedia&parent=16393"}],"wp:term":[{"taxonomy":"product_brand","embeddable":true,"href":"https:\/\/amd-bl.website\/index.php?rest_route=%2Fwp%2Fv2%2Fproduct_brand&post=16393"},{"taxonomy":"product_cat","embeddable":true,"href":"https:\/\/amd-bl.website\/index.php?rest_route=%2Fwp%2Fv2%2Fproduct_cat&post=16393"},{"taxonomy":"product_tag","embeddable":true,"href":"https:\/\/amd-bl.website\/index.php?rest_route=%2Fwp%2Fv2%2Fproduct_tag&post=16393"}],"curies":[{"name":"wp","href":"https:\/\/api.w.org\/{rel}","templated":true}]}}