{"id":16239,"date":"2022-12-22T21:27:14","date_gmt":"2022-12-22T21:27:14","guid":{"rendered":"https:\/\/amd-bl.website\/?post_type=product&#038;p=16239"},"modified":"2026-03-23T12:45:13","modified_gmt":"2026-03-23T12:45:13","slug":"53945-set-torx-odvijaca-7-kom","status":"publish","type":"product","link":"https:\/\/amd-bl.website\/?product=53945-set-torx-odvijaca-7-kom","title":{"rendered":"53945 SET TORX ODVIJA\u010cA 7kom"},"content":{"rendered":"<pre><span dir=\"auto\">Idealno za kompletiranje va\u0161eg seta alata, punjenje automobila priborom ili punjenje va\u0161e prenosive kutije s alatom. <\/span>\r\n\r\n<span dir=\"auto\">Ima tvrdu koricu sa simuliranom zavr\u0161nom obradom od karbonskih vlakana.<\/span>\r\n\r\n<span dir=\"auto\">Uklju\u010duje sljede\u0107e veli\u010dine:\r\n<\/span>\r\n<span dir=\"auto\">8x75<\/span>\r\n<span dir=\"auto\">9x75<\/span>\r\n<span dir=\"auto\">10x75<\/span><span dir=\"auto\"> \r\n15x75<\/span><span dir=\"auto\">\r\n20x75<\/span><span dir=\"auto\">\r\n25x100 \r\n<\/span><span dir=\"auto\">27x100<\/span><\/pre>\n","protected":false},"excerpt":{"rendered":"<pre><strong><span dir=\"auto\">EAN:<\/span><\/strong><span dir=\"auto\">\u00a08435034539455<\/span>\r\n\r\n<b><span dir=\"auto\">Komada<\/span><\/b><span dir=\"auto\">\u00a07<\/span>\r\n<b><span dir=\"auto\">Materijal<\/span><\/b><span dir=\"auto\">\u00a0CrV<\/span>\r\n<b><span dir=\"auto\">Zavr\u0161na<\/span><\/b><span dir=\"auto\">\u00a0obrada Mat hrom<\/span>\r\n<b><span dir=\"auto\">Te\u017eina<\/span><\/b><span dir=\"auto\">\u00a00,60 kg<\/span>\r\n<b><span dir=\"auto\">Dimenzije (Dx\u0160xV)<\/span><\/b><span dir=\"auto\">\u00a0120x50x210 mm<\/span><\/pre>\n","protected":false},"featured_media":19067,"comment_status":"closed","ping_status":"closed","template":"","meta":{"pagelayer_contact_templates":[],"_pagelayer_content":""},"product_brand":[178],"product_cat":[177,154,180],"product_tag":[],"class_list":{"0":"post-16239","1":"product","2":"type-product","3":"status-publish","4":"has-post-thumbnail","6":"product_brand-jbm-tools","7":"product_cat-2_jbm-tools","8":"product_cat-izvijaci-2","9":"product_cat-rucni-alat","11":"first","12":"instock","13":"shipping-taxable","14":"product-type-simple"},"_links":{"self":[{"href":"https:\/\/amd-bl.website\/index.php?rest_route=\/wp\/v2\/product\/16239","targetHints":{"allow":["GET"]}}],"collection":[{"href":"https:\/\/amd-bl.website\/index.php?rest_route=\/wp\/v2\/product"}],"about":[{"href":"https:\/\/amd-bl.website\/index.php?rest_route=\/wp\/v2\/types\/product"}],"replies":[{"embeddable":true,"href":"https:\/\/amd-bl.website\/index.php?rest_route=%2Fwp%2Fv2%2Fcomments&post=16239"}],"wp:featuredmedia":[{"embeddable":true,"href":"https:\/\/amd-bl.website\/index.php?rest_route=\/wp\/v2\/media\/19067"}],"wp:attachment":[{"href":"https:\/\/amd-bl.website\/index.php?rest_route=%2Fwp%2Fv2%2Fmedia&parent=16239"}],"wp:term":[{"taxonomy":"product_brand","embeddable":true,"href":"https:\/\/amd-bl.website\/index.php?rest_route=%2Fwp%2Fv2%2Fproduct_brand&post=16239"},{"taxonomy":"product_cat","embeddable":true,"href":"https:\/\/amd-bl.website\/index.php?rest_route=%2Fwp%2Fv2%2Fproduct_cat&post=16239"},{"taxonomy":"product_tag","embeddable":true,"href":"https:\/\/amd-bl.website\/index.php?rest_route=%2Fwp%2Fv2%2Fproduct_tag&post=16239"}],"curies":[{"name":"wp","href":"https:\/\/api.w.org\/{rel}","templated":true}]}}