{"id":15961,"date":"2022-06-26T13:38:48","date_gmt":"2022-06-26T13:38:48","guid":{"rendered":"https:\/\/amd-bl.website\/?post_type=product&#038;p=15961"},"modified":"2026-03-13T15:07:49","modified_gmt":"2026-03-13T15:07:49","slug":"52765-vakum-rucka-80kg","status":"publish","type":"product","link":"https:\/\/amd-bl.website\/?product=52765-vakum-rucka-80kg","title":{"rendered":"52765 VAKUM RU\u010cKA 80kg"},"content":{"rendered":"<pre><strong><span dir=\"auto\">EAN:<\/span><\/strong><span dir=\"auto\">\u00a08435034527650<\/span>\r\n\r\n<span dir=\"auto\">Dizajnirano za odr\u017eavanje, ugradnju i uklanjanje dijelova vozila, kako lima tako i stakla.<\/span>\r\n<span dir=\"auto\">Jednostavan za rukovanje i prilago\u0111ava se zakrivljenosti povr\u0161ine.<\/span>\r\n\r\n<span dir=\"auto\">\u00d8 120 mm<\/span>\r\n<span dir=\"auto\">Nosivost: 80 kg<\/span><\/pre>\n","protected":false},"excerpt":{"rendered":"<p>EAN:\u00a08435034527650 Dizajnirano za odr\u017eavanje, ugradnju i uklanjanje dijelova vozila, kako lima tako i stakla. Jednostavan za rukovanje i prilago\u0111ava se zakrivljenosti povr\u0161ine. \u00d8 120 mm Nosivost: 80 kg<\/p>\n","protected":false},"featured_media":15962,"comment_status":"closed","ping_status":"closed","template":"","meta":{"pagelayer_contact_templates":[],"_pagelayer_content":""},"product_brand":[178],"product_cat":[177,102],"product_tag":[],"class_list":{"0":"post-15961","1":"product","2":"type-product","3":"status-publish","4":"has-post-thumbnail","6":"product_brand-jbm-tools","7":"product_cat-2_jbm-tools","8":"product_cat-razno","10":"first","11":"instock","12":"shipping-taxable","13":"product-type-simple"},"_links":{"self":[{"href":"https:\/\/amd-bl.website\/index.php?rest_route=\/wp\/v2\/product\/15961","targetHints":{"allow":["GET"]}}],"collection":[{"href":"https:\/\/amd-bl.website\/index.php?rest_route=\/wp\/v2\/product"}],"about":[{"href":"https:\/\/amd-bl.website\/index.php?rest_route=\/wp\/v2\/types\/product"}],"replies":[{"embeddable":true,"href":"https:\/\/amd-bl.website\/index.php?rest_route=%2Fwp%2Fv2%2Fcomments&post=15961"}],"wp:featuredmedia":[{"embeddable":true,"href":"https:\/\/amd-bl.website\/index.php?rest_route=\/wp\/v2\/media\/15962"}],"wp:attachment":[{"href":"https:\/\/amd-bl.website\/index.php?rest_route=%2Fwp%2Fv2%2Fmedia&parent=15961"}],"wp:term":[{"taxonomy":"product_brand","embeddable":true,"href":"https:\/\/amd-bl.website\/index.php?rest_route=%2Fwp%2Fv2%2Fproduct_brand&post=15961"},{"taxonomy":"product_cat","embeddable":true,"href":"https:\/\/amd-bl.website\/index.php?rest_route=%2Fwp%2Fv2%2Fproduct_cat&post=15961"},{"taxonomy":"product_tag","embeddable":true,"href":"https:\/\/amd-bl.website\/index.php?rest_route=%2Fwp%2Fv2%2Fproduct_tag&post=15961"}],"curies":[{"name":"wp","href":"https:\/\/api.w.org\/{rel}","templated":true}]}}